Last updated on 2025-02-20 09:51:03 CET.
Flavor | Version | Tinstall | Tcheck | Ttotal | Status | Flags |
---|---|---|---|---|---|---|
r-devel-linux-x86_64-debian-clang | 0.2.0 | 7.57 | 62.56 | 70.13 | OK | |
r-devel-linux-x86_64-debian-gcc | 0.2.0 | 5.67 | 45.90 | 51.57 | OK | |
r-devel-linux-x86_64-fedora-clang | 0.2.0 | 117.98 | OK | |||
r-devel-linux-x86_64-fedora-gcc | 0.2.0 | 106.84 | OK | |||
r-devel-macos-arm64 | 0.2.0 | 37.00 | OK | |||
r-devel-macos-x86_64 | 0.2.0 | 67.00 | OK | |||
r-devel-windows-x86_64 | 0.2.0 | 8.00 | 75.00 | 83.00 | OK | |
r-patched-linux-x86_64 | 0.2.0 | 8.55 | 59.43 | 67.98 | OK | |
r-release-linux-x86_64 | 0.2.0 | 6.42 | 59.53 | 65.95 | OK | |
r-release-macos-arm64 | 0.2.0 | 33.00 | OK | |||
r-release-macos-x86_64 | 0.2.0 | 51.00 | OK | |||
r-release-windows-x86_64 | 0.2.0 | 9.00 | 4.00 | 13.00 | FAIL | |
r-oldrel-macos-arm64 | 0.2.0 | 37.00 | OK | |||
r-oldrel-macos-x86_64 | 0.2.0 | 59.00 | OK | |||
r-oldrel-windows-x86_64 | 0.2.0 | 12.00 | 116.00 | 128.00 | OK |
Version: 0.2.0
Check: package dependencies
Result: FAIL
Flavor: r-release-windows-x86_64