CRAN Package Check Results for Package SimSurvNMarker

Last updated on 2025-04-16 09:53:12 CEST.

Flavor Version Tinstall Tcheck Ttotal Status Flags
r-devel-linux-x86_64-debian-clang 0.1.3 35.03 33.29 68.32 NOTE
r-devel-linux-x86_64-debian-gcc 0.1.3 24.46 25.34 49.80 NOTE
r-devel-linux-x86_64-fedora-clang 0.1.3 136.05 NOTE
r-devel-linux-x86_64-fedora-gcc 0.1.3 132.93 NOTE
r-devel-windows-x86_64 0.1.3 42.00 81.00 123.00 NOTE
r-patched-linux-x86_64 0.1.3 32.30 32.40 64.70 NOTE
r-release-linux-x86_64 0.1.3 32.73 31.79 64.52 NOTE
r-release-macos-arm64 0.1.3 51.00 NOTE
r-release-macos-x86_64 0.1.3 64.00 NOTE
r-release-windows-x86_64 0.1.3 44.00 82.00 126.00 NOTE
r-oldrel-macos-arm64 0.1.3 42.00 NOTE
r-oldrel-macos-x86_64 0.1.3 58.00 NOTE
r-oldrel-windows-x86_64 0.1.3 50.00 91.00 141.00 NOTE

Check Details

Version: 0.1.3
Check: C++ specification
Result: NOTE Specified C++14: please drop specification unless essential Flavors: r-devel-linux-x86_64-debian-clang, r-devel-linux-x86_64-debian-gcc, r-devel-linux-x86_64-fedora-clang, r-devel-linux-x86_64-fedora-gcc, r-devel-windows-x86_64, r-patched-linux-x86_64, r-release-linux-x86_64, r-release-macos-arm64, r-release-macos-x86_64, r-release-windows-x86_64, r-oldrel-macos-arm64, r-oldrel-macos-x86_64, r-oldrel-windows-x86_64