Last updated on 2025-02-16 09:50:52 CET.
Flavor | Version | Tinstall | Tcheck | Ttotal | Status | Flags |
---|---|---|---|---|---|---|
r-devel-linux-x86_64-debian-clang | 0.2.0 | 4.78 | 31.50 | 36.28 | NOTE | |
r-devel-linux-x86_64-debian-gcc | 0.2.0 | 3.60 | 26.32 | 29.92 | NOTE | |
r-devel-linux-x86_64-fedora-clang | 0.2.0 | 61.11 | NOTE | |||
r-devel-linux-x86_64-fedora-gcc | 0.2.0 | 69.24 | NOTE | |||
r-devel-macos-arm64 | 0.2.0 | 31.00 | NOTE | |||
r-devel-macos-x86_64 | 0.2.0 | 53.00 | NOTE | |||
r-devel-windows-x86_64 | 0.2.0 | 5.00 | 64.00 | 69.00 | NOTE | |
r-patched-linux-x86_64 | 0.2.0 | 5.05 | 29.82 | 34.87 | NOTE | |
r-release-linux-x86_64 | 0.2.0 | 4.86 | 29.96 | 34.82 | NOTE | |
r-release-macos-arm64 | 0.2.0 | 30.00 | NOTE | |||
r-release-macos-x86_64 | 0.2.0 | 42.00 | NOTE | |||
r-release-windows-x86_64 | 0.2.0 | 6.00 | 61.00 | 67.00 | NOTE | |
r-oldrel-macos-arm64 | 0.2.0 | 33.00 | OK | |||
r-oldrel-macos-x86_64 | 0.2.0 | 59.00 | OK | |||
r-oldrel-windows-x86_64 | 0.2.0 | 8.00 | 62.00 | 70.00 | OK |
Version: 0.2.0
Check: Rd files
Result: NOTE
checkRd: (-1) append.dictionary.Rd:33: Lost braces in \itemize; meant \describe ?
checkRd: (-1) append.dictionary.Rd:36-37: Lost braces in \itemize; meant \describe ?
checkRd: (-1) append.dictionary.Rd:40-41: Lost braces in \itemize; meant \describe ?
checkRd: (-1) append.dictionary.Rd:44-47: Lost braces in \itemize; meant \describe ?
checkRd: (-1) append.dictionary.Rd:89-92: Lost braces in \itemize; meant \describe ?
checkRd: (-1) append.dictionary.Rd:95-98: Lost braces in \itemize; meant \describe ?
checkRd: (-1) append.dictionary.Rd:107: Lost braces in \itemize; meant \describe ?
checkRd: (-1) append.dictionary.Rd:110: Lost braces in \itemize; meant \describe ?
checkRd: (-1) append.dictionary.Rd:113: Lost braces in \itemize; meant \describe ?
Flavors: r-devel-linux-x86_64-debian-clang, r-devel-linux-x86_64-debian-gcc, r-devel-linux-x86_64-fedora-clang, r-devel-linux-x86_64-fedora-gcc, r-devel-macos-arm64, r-devel-macos-x86_64, r-devel-windows-x86_64, r-patched-linux-x86_64, r-release-linux-x86_64, r-release-macos-arm64, r-release-macos-x86_64, r-release-windows-x86_64
Version: 0.2.0
Check: dependencies in R code
Result: NOTE
Namespace in Imports field not imported from: ‘knitr’
All declared Imports should be used.
Flavors: r-devel-linux-x86_64-fedora-clang, r-devel-linux-x86_64-fedora-gcc