Last updated on 2025-02-19 09:51:02 CET.
Flavor | Version | Tinstall | Tcheck | Ttotal | Status | Flags |
---|---|---|---|---|---|---|
r-devel-linux-x86_64-debian-clang | 0.0.3 | 10.41 | 75.51 | 85.92 | OK | |
r-devel-linux-x86_64-debian-gcc | 0.0.3 | 7.73 | 54.37 | 62.10 | OK | |
r-devel-linux-x86_64-fedora-clang | 0.0.3 | 146.38 | OK | |||
r-devel-linux-x86_64-fedora-gcc | 0.0.3 | 129.60 | OK | |||
r-devel-macos-arm64 | 0.0.3 | 40.00 | OK | |||
r-devel-macos-x86_64 | 0.0.3 | 78.00 | OK | |||
r-devel-windows-x86_64 | 0.0.3 | 12.00 | 87.00 | 99.00 | OK | |
r-patched-linux-x86_64 | 0.0.3 | 9.98 | 68.22 | 78.20 | NOTE | |
r-release-linux-x86_64 | 0.0.3 | 11.85 | 68.43 | 80.28 | NOTE | |
r-release-macos-arm64 | 0.0.3 | 37.00 | NOTE | |||
r-release-macos-x86_64 | 0.0.3 | 59.00 | NOTE | |||
r-release-windows-x86_64 | 0.0.3 | 12.00 | 4.00 | 16.00 | FAIL | |
r-oldrel-macos-arm64 | 0.0.3 | 41.00 | NOTE | |||
r-oldrel-macos-x86_64 | 0.0.3 | 87.00 | NOTE | |||
r-oldrel-windows-x86_64 | 0.0.3 | 15.00 | 109.00 | 124.00 | NOTE |
Version: 0.0.3
Check: LazyData
Result: NOTE
'LazyData' is specified without a 'data' directory
Flavors: r-patched-linux-x86_64, r-release-linux-x86_64, r-release-macos-arm64, r-release-macos-x86_64, r-oldrel-macos-arm64, r-oldrel-macos-x86_64, r-oldrel-windows-x86_64
Version: 0.0.3
Check: package dependencies
Result: FAIL
Flavor: r-release-windows-x86_64