CRAN Package Check Results for Package ScottKnottESD

Last updated on 2025-02-19 09:51:02 CET.

Flavor Version Tinstall Tcheck Ttotal Status Flags
r-devel-linux-x86_64-debian-clang 2.0.3 7.67 59.68 67.35 OK
r-devel-linux-x86_64-debian-gcc 2.0.3 4.48 42.78 47.26 OK
r-devel-linux-x86_64-fedora-clang 2.0.3 110.95 OK
r-devel-linux-x86_64-fedora-gcc 2.0.3 100.81 OK
r-devel-macos-arm64 2.0.3 35.00 OK
r-devel-macos-x86_64 2.0.3 55.00 OK
r-devel-windows-x86_64 2.0.3 10.00 71.00 81.00 OK
r-patched-linux-x86_64 2.0.3 6.89 53.88 60.77 OK
r-release-linux-x86_64 2.0.3 6.53 54.16 60.69 OK
r-release-macos-arm64 2.0.3 33.00 OK
r-release-macos-x86_64 2.0.3 45.00 OK
r-release-windows-x86_64 2.0.3 9.00 4.00 13.00 FAIL
r-oldrel-macos-arm64 2.0.3 34.00 OK
r-oldrel-macos-x86_64 2.0.3 50.00 OK
r-oldrel-windows-x86_64 2.0.3 11.00 106.00 117.00 OK

Check Details

Version: 2.0.3
Check: package dependencies
Result: FAIL
Flavor: r-release-windows-x86_64