Last updated on 2025-02-16 09:50:54 CET.
Flavor | Version | Tinstall | Tcheck | Ttotal | Status | Flags |
---|---|---|---|---|---|---|
r-devel-linux-x86_64-debian-clang | 1.0.0 | 9.00 | 123.15 | 132.15 | NOTE | |
r-devel-linux-x86_64-debian-gcc | 1.0.0 | 6.20 | 87.97 | 94.17 | NOTE | |
r-devel-linux-x86_64-fedora-clang | 1.0.0 | 222.51 | NOTE | |||
r-devel-linux-x86_64-fedora-gcc | 1.0.0 | 224.32 | NOTE | |||
r-devel-macos-arm64 | 1.0.0 | 79.00 | NOTE | |||
r-devel-macos-x86_64 | 1.0.0 | 120.00 | NOTE | |||
r-devel-windows-x86_64 | 1.0.0 | 11.00 | 149.00 | 160.00 | NOTE | |
r-patched-linux-x86_64 | 1.0.0 | 11.47 | 116.75 | 128.22 | NOTE | |
r-release-linux-x86_64 | 1.0.0 | 8.16 | 117.10 | 125.26 | NOTE | |
r-release-macos-arm64 | 1.0.0 | 65.00 | NOTE | |||
r-release-macos-x86_64 | 1.0.0 | 95.00 | NOTE | |||
r-release-windows-x86_64 | 1.0.0 | 11.00 | 144.00 | 155.00 | NOTE | |
r-oldrel-macos-arm64 | 1.0.0 | 74.00 | NOTE | |||
r-oldrel-macos-x86_64 | 1.0.0 | 109.00 | NOTE | |||
r-oldrel-windows-x86_64 | 1.0.0 | 14.00 | 158.00 | 172.00 | NOTE |
Version: 1.0.0
Check: package subdirectories
Result: NOTE
Problems with news in ‘NEWS.md’:
Cannot extract version info from the following section titles:
Additional functions and data sets
Amendments to functions
Flavors: r-devel-linux-x86_64-debian-clang, r-devel-linux-x86_64-debian-gcc, r-devel-linux-x86_64-fedora-clang, r-devel-linux-x86_64-fedora-gcc, r-devel-macos-arm64, r-devel-macos-x86_64, r-devel-windows-x86_64, r-patched-linux-x86_64, r-release-linux-x86_64, r-release-macos-arm64, r-release-macos-x86_64, r-release-windows-x86_64, r-oldrel-macos-arm64, r-oldrel-macos-x86_64, r-oldrel-windows-x86_64