CRAN Package Check Results for Package SUSENAS

Last updated on 2025-02-19 09:51:05 CET.

Flavor Version Tinstall Tcheck Ttotal Status Flags
r-devel-linux-x86_64-debian-clang 0.1.0 5.30 21.90 27.20 OK
r-devel-linux-x86_64-debian-gcc 0.1.0 3.77 17.60 21.37 OK
r-devel-linux-x86_64-fedora-clang 0.1.0 44.30 OK
r-devel-linux-x86_64-fedora-gcc 0.1.0 42.09 OK
r-devel-macos-arm64 0.1.0 22.00 OK
r-devel-macos-x86_64 0.1.0 36.00 OK
r-devel-windows-x86_64 0.1.0 7.00 43.00 50.00 OK
r-patched-linux-x86_64 0.1.0 5.36 21.72 27.08 OK
r-release-linux-x86_64 0.1.0 5.48 21.04 26.52 OK
r-release-macos-arm64 0.1.0 24.00 OK
r-release-macos-x86_64 0.1.0 39.00 OK
r-release-windows-x86_64 0.1.0 6.00 5.00 11.00 FAIL
r-oldrel-macos-arm64 0.1.0 25.00 OK
r-oldrel-macos-x86_64 0.1.0 36.00 OK
r-oldrel-windows-x86_64 0.1.0 10.00 45.00 55.00 OK

Check Details

Version: 0.1.0
Check: package dependencies
Result: FAIL
Flavor: r-release-windows-x86_64