Last updated on 2025-05-12 09:51:36 CEST.
Flavor | Version | Tinstall | Tcheck | Ttotal | Status | Flags |
---|---|---|---|---|---|---|
r-devel-linux-x86_64-debian-clang | 1.0 | 10.18 | 24.97 | 35.15 | NOTE | |
r-devel-linux-x86_64-debian-gcc | 1.0 | 6.73 | 19.76 | 26.49 | NOTE | |
r-devel-linux-x86_64-fedora-clang | 1.0 | 58.97 | OK | |||
r-devel-linux-x86_64-fedora-gcc | 1.0 | 57.27 | OK | |||
r-devel-windows-x86_64 | 1.0 | 13.00 | 62.00 | 75.00 | OK | |
r-patched-linux-x86_64 | 1.0 | 9.31 | 23.80 | 33.11 | OK | |
r-release-linux-x86_64 | 1.0 | 9.24 | 24.04 | 33.28 | OK | |
r-release-macos-arm64 | 1.0 | 22.00 | OK | |||
r-release-macos-x86_64 | 1.0 | 34.00 | OK | |||
r-release-windows-x86_64 | 1.0 | 14.00 | 64.00 | 78.00 | OK | |
r-oldrel-macos-arm64 | 1.0 | 21.00 | OK | |||
r-oldrel-macos-x86_64 | 1.0 | 29.00 | OK | |||
r-oldrel-windows-x86_64 | 1.0 | 14.00 | 72.00 | 86.00 | OK |
Version: 1.0
Check: CRAN incoming feasibility
Result: NOTE
Maintainer: ‘Haolun Shi <shl2003@connect.hku.hk>’
No Authors@R field in DESCRIPTION.
Please add one, modifying
Authors@R: c(person(given = "Haolun",
family = "Shi",
role = c("aut", "cre"),
email = "shl2003@connect.hku.hk"),
person(given = "Guosheng",
family = "Yin",
role = "aut"))
as necessary.
Flavors: r-devel-linux-x86_64-debian-clang, r-devel-linux-x86_64-debian-gcc