Last updated on 2025-04-15 09:52:34 CEST.
Flavor | Version | Tinstall | Tcheck | Ttotal | Status | Flags |
---|---|---|---|---|---|---|
r-devel-linux-x86_64-debian-clang | 0.9.3.3 | 28.39 | 226.33 | 254.72 | NOTE | |
r-devel-linux-x86_64-debian-gcc | 0.9.3.3 | 22.25 | 160.00 | 182.25 | NOTE | |
r-devel-linux-x86_64-fedora-clang | 0.9.3.3 | 432.79 | OK | |||
r-devel-linux-x86_64-fedora-gcc | 0.9.3.3 | 400.63 | OK | |||
r-devel-windows-x86_64 | 0.9.3.3 | 33.00 | 242.00 | 275.00 | NOTE | |
r-patched-linux-x86_64 | 0.9.3.3 | 30.93 | 217.30 | 248.23 | NOTE | |
r-release-linux-x86_64 | 0.9.3.3 | 29.46 | 215.49 | 244.95 | NOTE | |
r-release-macos-arm64 | 0.9.3.3 | 131.00 | OK | |||
r-release-macos-x86_64 | 0.9.3.3 | 270.00 | ERROR | |||
r-release-windows-x86_64 | 0.9.3.3 | 37.00 | 238.00 | 275.00 | NOTE | |
r-oldrel-macos-arm64 | 0.9.3.3 | 118.00 | OK | |||
r-oldrel-macos-x86_64 | 0.9.3.3 | 276.00 | OK | |||
r-oldrel-windows-x86_64 | 0.9.3.3 | 43.00 | 322.00 | 365.00 | OK |
Version: 0.9.3.3
Check: Rd cross-references
Result: NOTE
Found the following Rd file(s) with Rd \link{} targets missing package
anchors:
LinearTSVMSSLR.Rd: SVM
Please provide package anchors for all Rd \link{} targets not in the
package itself and the base packages.
Flavors: r-devel-linux-x86_64-debian-clang, r-devel-linux-x86_64-debian-gcc, r-devel-windows-x86_64, r-patched-linux-x86_64, r-release-linux-x86_64, r-release-windows-x86_64
Version: 0.9.3.3
Check: re-building of vignette outputs
Result: ERROR
Error(s) in re-building vignettes:
--- re-building ‘classification.Rmd’ using rmarkdown
--- finished re-building ‘classification.Rmd’
--- re-building ‘clustering.Rmd’ using rmarkdown
Quitting from lines 70-73 [clusters] (clustering.Rmd)
Error: processing vignette 'clustering.Rmd' failed with diagnostics:
there is no package called 'factoextra'
--- failed re-building ‘clustering.Rmd’
--- re-building ‘fit.Rmd’ using rmarkdown
--- finished re-building ‘fit.Rmd’
--- re-building ‘introduction.Rmd’ using rmarkdown
--- finished re-building ‘introduction.Rmd’
--- re-building ‘models.Rmd’ using rmarkdown
--- finished re-building ‘models.Rmd’
--- re-building ‘regression.Rmd’ using rmarkdown
--- finished re-building ‘regression.Rmd’
SUMMARY: processing the following file failed:
‘clustering.Rmd’
Error: Vignette re-building failed.
Execution halted
Flavor: r-release-macos-x86_64