CRAN Package Check Results for Package SPECK

Last updated on 2025-10-07 09:50:01 CEST.

Flavor Version Tinstall Tcheck Ttotal Status Flags
r-devel-linux-x86_64-debian-clang 1.0.0 25.18 329.96 355.14 NOTE
r-devel-linux-x86_64-debian-gcc 1.0.1 18.09 231.80 249.89 OK
r-devel-linux-x86_64-fedora-clang 1.0.1 561.36 OK
r-devel-linux-x86_64-fedora-gcc 1.0.1 567.81 OK
r-devel-windows-x86_64 1.0.1 31.00 331.00 362.00 OK
r-patched-linux-x86_64 1.0.0 22.69 314.18 336.87 NOTE
r-release-linux-x86_64 1.0.0 17.46 320.48 337.94 NOTE
r-release-macos-arm64 1.0.0 169.00 OK
r-release-macos-x86_64 1.0.1 325.00 OK
r-release-windows-x86_64 1.0.1 32.00 330.00 362.00 OK
r-oldrel-macos-arm64 1.0.0 164.00 NOTE
r-oldrel-macos-x86_64 1.0.1 334.00 NOTE
r-oldrel-windows-x86_64 1.0.1 30.00 318.00 348.00 OK

Check Details

Version: 1.0.0
Check: CRAN incoming feasibility
Result: NOTE Maintainer: ‘Azka Javaid <azka.javaid.gr@dartmouth.edu>’ The Description field contains (2009) <arXiv:0909.4061>. Clustering method is outlined in: Song et Please refer to arXiv e-prints via their arXiv DOI <doi:10.48550/arXiv.YYMM.NNNNN>. Flavor: r-devel-linux-x86_64-debian-clang

Version: 1.0.0
Check: Rd cross-references
Result: NOTE Found the following Rd file(s) with Rd \link{} targets missing package anchors: speck.Rd: Ckmeans.1d.dp Please provide package anchors for all Rd \link{} targets not in the package itself and the base packages. Flavors: r-devel-linux-x86_64-debian-clang, r-patched-linux-x86_64, r-release-linux-x86_64

Version: 1.0.0
Check: installed package size
Result: NOTE installed size is 5.5Mb sub-directories of 1Mb or more: data 4.8Mb Flavor: r-oldrel-macos-arm64

Version: 1.0.1
Check: installed package size
Result: NOTE installed size is 5.5Mb sub-directories of 1Mb or more: data 4.8Mb Flavor: r-oldrel-macos-x86_64