Last updated on 2025-10-27 08:50:07 CET.
| Flavor | Version | Tinstall | Tcheck | Ttotal | Status | Flags | 
|---|---|---|---|---|---|---|
| r-devel-linux-x86_64-debian-clang | 1.0 | 2.21 | 22.60 | 24.81 | NOTE | |
| r-devel-linux-x86_64-debian-gcc | 1.0 | 1.83 | 18.51 | 20.34 | NOTE | |
| r-devel-linux-x86_64-fedora-clang | 1.0 | 38.00 | OK | |||
| r-devel-linux-x86_64-fedora-gcc | 1.0 | 35.12 | OK | |||
| r-devel-windows-x86_64 | 1.0 | 3.00 | 40.00 | 43.00 | OK | |
| r-patched-linux-x86_64 | 1.0 | 2.49 | 22.30 | 24.79 | OK | |
| r-release-linux-x86_64 | 1.0 | 2.34 | 21.93 | 24.27 | OK | |
| r-release-macos-arm64 | 1.0 | 1.00 | 15.00 | 16.00 | OK | |
| r-release-macos-x86_64 | 1.0 | 3.00 | 24.00 | 27.00 | OK | |
| r-release-windows-x86_64 | 1.0 | 3.00 | 41.00 | 44.00 | OK | |
| r-oldrel-macos-arm64 | 1.0 | 1.00 | 15.00 | 16.00 | OK | |
| r-oldrel-macos-x86_64 | 1.0 | 2.00 | 22.00 | 24.00 | OK | |
| r-oldrel-windows-x86_64 | 1.0 | 4.00 | 40.00 | 44.00 | OK | 
Version: 1.0
Check: CRAN incoming feasibility
Result: NOTE
  Maintainer: ‘Luis Diaz-Garcia <diazgarcia@wisc.edu>’
  
  No Authors@R field in DESCRIPTION.
  Please add one, modifying
    Authors@R: person(given = "Luis",
                      family = "Diaz-Garcia",
                      role = c("aut", "cre"),
                      email = "diazgarcia@wisc.edu")
  as necessary.
  
  Package CITATION file contains call(s) to old-style citEntry().  Please
  use bibentry() instead.
Flavors: r-devel-linux-x86_64-debian-clang, r-devel-linux-x86_64-debian-gcc