Last updated on 2025-02-16 09:50:53 CET.
Flavor | Version | Tinstall | Tcheck | Ttotal | Status | Flags |
---|---|---|---|---|---|---|
r-devel-linux-x86_64-debian-clang | 1.4 | 7.20 | 105.94 | 113.14 | NOTE | |
r-devel-linux-x86_64-debian-gcc | 1.4 | 6.18 | 68.62 | 74.80 | NOTE | |
r-devel-linux-x86_64-fedora-clang | 1.4 | 188.70 | OK | |||
r-devel-linux-x86_64-fedora-gcc | 1.4 | 176.61 | OK | |||
r-devel-macos-arm64 | 1.4 | 47.00 | OK | |||
r-devel-macos-x86_64 | 1.4 | 96.00 | OK | |||
r-devel-windows-x86_64 | 1.4 | 11.00 | 123.00 | 134.00 | NOTE | |
r-patched-linux-x86_64 | 1.4 | 12.07 | 98.11 | 110.18 | OK | |
r-release-linux-x86_64 | 1.4 | 8.04 | 98.16 | 106.20 | OK | |
r-release-macos-arm64 | 1.4 | 46.00 | OK | |||
r-release-macos-x86_64 | 1.4 | 73.00 | OK | |||
r-release-windows-x86_64 | 1.4 | 11.00 | 124.00 | 135.00 | OK | |
r-oldrel-macos-arm64 | 1.4 | 47.00 | OK | |||
r-oldrel-macos-x86_64 | 1.4 | 73.00 | OK | |||
r-oldrel-windows-x86_64 | 1.4 | 14.00 | 140.00 | 154.00 | OK |
Version: 1.4
Check: Rd cross-references
Result: NOTE
Found the following Rd file(s) with Rd \link{} targets missing package
anchors:
createSaturated.Rd: FrF2, DoE.base
Please provide package anchors for all Rd \link{} targets not in the
package itself and the base packages.
Flavors: r-devel-linux-x86_64-debian-clang, r-devel-linux-x86_64-debian-gcc, r-devel-windows-x86_64