Last updated on 2025-02-16 09:50:53 CET.
Flavor | Version | Tinstall | Tcheck | Ttotal | Status | Flags |
---|---|---|---|---|---|---|
r-devel-linux-x86_64-debian-clang | 0.0.9 | 10.20 | 33.83 | 44.03 | NOTE | |
r-devel-linux-x86_64-debian-gcc | 0.0.9 | 7.96 | 26.60 | 34.56 | NOTE | |
r-devel-linux-x86_64-fedora-clang | 0.0.9 | 80.11 | NOTE | |||
r-devel-linux-x86_64-fedora-gcc | 0.0.9 | 73.91 | NOTE | |||
r-devel-macos-arm64 | 0.0.9 | 27.00 | NOTE | |||
r-devel-macos-x86_64 | 0.0.9 | 46.00 | NOTE | |||
r-devel-windows-x86_64 | 0.0.9 | 15.00 | 72.00 | 87.00 | NOTE | |
r-patched-linux-x86_64 | 0.0.9 | 11.10 | 32.10 | 43.20 | NOTE | |
r-release-linux-x86_64 | 0.0.9 | 10.54 | 31.98 | 42.52 | NOTE | |
r-release-macos-arm64 | 0.0.9 | 28.00 | NOTE | |||
r-release-macos-x86_64 | 0.0.9 | 41.00 | NOTE | |||
r-release-windows-x86_64 | 0.0.9 | 16.00 | 73.00 | 89.00 | NOTE | |
r-oldrel-macos-arm64 | 0.0.9 | 31.00 | NOTE | |||
r-oldrel-macos-x86_64 | 0.0.9 | 47.00 | NOTE | |||
r-oldrel-windows-x86_64 | 0.0.9 | 19.00 | 112.00 | 131.00 | NOTE |
Version: 0.0.9
Check: C++ specification
Result: NOTE
Specified C++11: please drop specification unless essential
Flavors: r-devel-linux-x86_64-debian-clang, r-devel-linux-x86_64-debian-gcc, r-devel-linux-x86_64-fedora-clang, r-devel-linux-x86_64-fedora-gcc, r-devel-macos-arm64, r-devel-macos-x86_64, r-devel-windows-x86_64, r-patched-linux-x86_64, r-release-linux-x86_64, r-release-macos-arm64, r-release-macos-x86_64, r-release-windows-x86_64, r-oldrel-macos-arm64, r-oldrel-macos-x86_64, r-oldrel-windows-x86_64