Last updated on 2025-02-19 09:51:03 CET.
Flavor | Version | Tinstall | Tcheck | Ttotal | Status | Flags |
---|---|---|---|---|---|---|
r-devel-linux-x86_64-debian-clang | 0.0.5 | 20.20 | 151.74 | 171.94 | OK | |
r-devel-linux-x86_64-debian-gcc | 0.0.5 | 12.70 | 109.24 | 121.94 | OK | |
r-devel-linux-x86_64-fedora-clang | 0.0.5 | 281.32 | OK | |||
r-devel-linux-x86_64-fedora-gcc | 0.0.5 | 254.29 | OK | |||
r-devel-macos-arm64 | 0.0.5 | 66.00 | OK | |||
r-devel-macos-x86_64 | 0.0.5 | 142.00 | OK | |||
r-devel-windows-x86_64 | 0.0.5 | 19.00 | 151.00 | 170.00 | OK | |
r-patched-linux-x86_64 | 0.0.5 | 19.19 | 140.74 | 159.93 | NOTE | |
r-release-linux-x86_64 | 0.0.5 | 19.05 | 138.54 | 157.59 | NOTE | |
r-release-macos-arm64 | 0.0.5 | 66.00 | NOTE | |||
r-release-macos-x86_64 | 0.0.5 | 105.00 | NOTE | |||
r-release-windows-x86_64 | 0.0.5 | 20.00 | 134.00 | 154.00 | WARN | |
r-oldrel-macos-arm64 | 0.0.5 | 72.00 | NOTE | |||
r-oldrel-macos-x86_64 | 0.0.5 | 123.00 | NOTE | |||
r-oldrel-windows-x86_64 | 0.0.5 | 25.00 | 189.00 | 214.00 | NOTE |
Version: 0.0.5
Check: LazyData
Result: NOTE
'LazyData' is specified without a 'data' directory
Flavors: r-patched-linux-x86_64, r-release-linux-x86_64, r-release-macos-arm64, r-release-macos-x86_64, r-release-windows-x86_64, r-oldrel-macos-arm64, r-oldrel-macos-x86_64, r-oldrel-windows-x86_64
Version: 0.0.5
Check: for code/documentation mismatches
Result: WARN
During startup - Warning message:
In read.table(file = file, header = header, sep = sep, quote = quote, :
cols = 1 != length(data) = 7
During startup - Warning message:
In read.table(file = file, header = header, sep = sep, quote = quote, :
cols = 1 != length(data) = 7
Flavor: r-release-windows-x86_64
Version: 0.0.5
Check: Rd \usage sections
Result: WARN
During startup - Warning message:
In read.table(file = file, header = header, sep = sep, quote = quote, :
cols = 1 != length(data) = 7
Functions with \usage entries need to have the appropriate \alias
entries, and all their arguments documented.
The \usage entries must correspond to syntactically valid R code.
See chapter 'Writing R documentation files' in the 'Writing R
Extensions' manual.
During startup - Warning message:
In read.table(file = file, header = header, sep = sep, quote = quote, :
cols = 1 != length(data) = 7
The \usage entries for S3 methods should use the \method markup and not
their full name.
See chapter 'Writing R documentation files' in the 'Writing R
Extensions' manual.
Flavor: r-release-windows-x86_64
Version: 0.0.5
Check: Rd contents
Result: NOTE
Warning in read.table(file = file, header = header, sep = sep, quote = quote, :
cols = 1 != length(data) = 7
Flavor: r-release-windows-x86_64
Version: 0.0.5
Check: for unstated dependencies in examples
Result: WARN
Warning in read.table(file = file, header = header, sep = sep, quote = quote, :
cols = 1 != length(data) = 7
Flavor: r-release-windows-x86_64
Version: 0.0.5
Check: for unstated dependencies in ‘tests’
Result: WARN
Warning in read.table(file = file, header = header, sep = sep, quote = quote, :
cols = 1 != length(data) = 7
Flavor: r-release-windows-x86_64