Last updated on 2025-02-20 09:51:03 CET.
Flavor | Version | Tinstall | Tcheck | Ttotal | Status | Flags |
---|---|---|---|---|---|---|
r-devel-linux-x86_64-debian-clang | 0.1.0 | 7.05 | 57.30 | 64.35 | OK | |
r-devel-linux-x86_64-debian-gcc | 0.1.0 | 5.34 | 44.95 | 50.29 | OK | |
r-devel-linux-x86_64-fedora-clang | 0.1.0 | 108.40 | OK | |||
r-devel-linux-x86_64-fedora-gcc | 0.1.0 | 98.76 | OK | |||
r-devel-macos-arm64 | 0.1.0 | 33.00 | OK | |||
r-devel-macos-x86_64 | 0.1.0 | 62.00 | OK | |||
r-devel-windows-x86_64 | 0.1.0 | 7.00 | 73.00 | 80.00 | OK | |
r-patched-linux-x86_64 | 0.1.0 | 5.72 | 54.65 | 60.37 | NOTE | |
r-release-linux-x86_64 | 0.1.0 | 5.42 | 53.65 | 59.07 | NOTE | |
r-release-macos-arm64 | 0.1.0 | 32.00 | NOTE | |||
r-release-macos-x86_64 | 0.1.0 | 50.00 | NOTE | |||
r-release-windows-x86_64 | 0.1.0 | 7.00 | 73.00 | 80.00 | NOTE | |
r-oldrel-macos-arm64 | 0.1.0 | 41.00 | NOTE | |||
r-oldrel-macos-x86_64 | 0.1.0 | 57.00 | NOTE | |||
r-oldrel-windows-x86_64 | 0.1.0 | 10.00 | 89.00 | 99.00 | NOTE |
Version: 0.1.0
Check: LazyData
Result: NOTE
'LazyData' is specified without a 'data' directory
Flavors: r-patched-linux-x86_64, r-release-linux-x86_64, r-release-macos-arm64, r-release-macos-x86_64, r-release-windows-x86_64, r-oldrel-macos-arm64, r-oldrel-macos-x86_64, r-oldrel-windows-x86_64