CRAN Package Check Results for Package Ryacas0

Last updated on 2025-02-19 09:51:02 CET.

Flavor Version Tinstall Tcheck Ttotal Status Flags
r-devel-linux-x86_64-debian-clang 0.4.4 67.44 92.26 159.70 NOTE
r-devel-linux-x86_64-debian-gcc 0.4.4 51.73 64.97 116.70 NOTE
r-devel-linux-x86_64-fedora-clang 0.4.4 320.79 NOTE
r-devel-linux-x86_64-fedora-gcc 0.4.4 315.63 NOTE
r-devel-macos-arm64 0.4.4 95.00 NOTE
r-devel-macos-x86_64 0.4.4 168.00 NOTE
r-devel-windows-x86_64 0.4.4 87.00 142.00 229.00 NOTE
r-patched-linux-x86_64 0.4.4 69.25 86.80 156.05 NOTE
r-release-linux-x86_64 0.4.4 65.56 86.71 152.27 NOTE
r-release-macos-arm64 0.4.4 86.00 NOTE
r-release-macos-x86_64 0.4.4 116.00 NOTE
r-release-windows-x86_64 0.4.4 86.00 139.00 225.00 NOTE
r-oldrel-macos-arm64 0.4.4 105.00 NOTE
r-oldrel-macos-x86_64 0.4.4 162.00 NOTE
r-oldrel-windows-x86_64 0.4.4 102.00 156.00 258.00 NOTE

Check Details

Version: 0.4.4
Check: C++ specification
Result: NOTE Specified C++11: please drop specification unless essential Flavors: r-devel-linux-x86_64-debian-clang, r-devel-linux-x86_64-debian-gcc, r-devel-linux-x86_64-fedora-clang, r-devel-linux-x86_64-fedora-gcc, r-devel-macos-arm64, r-devel-macos-x86_64, r-devel-windows-x86_64, r-patched-linux-x86_64, r-release-linux-x86_64, r-release-macos-arm64, r-release-macos-x86_64, r-release-windows-x86_64, r-oldrel-macos-arm64, r-oldrel-macos-x86_64, r-oldrel-windows-x86_64

Version: 0.4.4
Check: for unstated dependencies in ‘demo’
Result: NOTE 'library' or 'require' call not declared from: ‘Ryacas’ Flavors: r-devel-linux-x86_64-debian-clang, r-devel-linux-x86_64-debian-gcc

Version: 0.4.4
Check: installed package size
Result: NOTE installed size is 9.3Mb sub-directories of 1Mb or more: libs 7.6Mb yacas 1.3Mb Flavors: r-release-macos-arm64, r-release-macos-x86_64, r-oldrel-macos-arm64, r-oldrel-macos-x86_64