Last updated on 2025-02-16 09:50:52 CET.
Flavor | Version | Tinstall | Tcheck | Ttotal | Status | Flags |
---|---|---|---|---|---|---|
r-devel-linux-x86_64-debian-clang | 1.1.5 | 83.64 | 92.78 | 176.42 | NOTE | |
r-devel-linux-x86_64-debian-gcc | 1.1.5 | 61.53 | 63.86 | 125.39 | NOTE | |
r-devel-linux-x86_64-fedora-clang | 1.1.5 | 371.29 | NOTE | |||
r-devel-linux-x86_64-fedora-gcc | 1.1.5 | 351.55 | NOTE | |||
r-devel-macos-arm64 | 1.1.5 | 91.00 | NOTE | |||
r-devel-macos-x86_64 | 1.1.5 | 146.00 | NOTE | |||
r-devel-windows-x86_64 | 1.1.5 | 103.00 | 136.00 | 239.00 | NOTE | |
r-patched-linux-x86_64 | 1.1.5 | 83.84 | 87.97 | 171.81 | NOTE | |
r-release-linux-x86_64 | 1.1.5 | 83.60 | 88.08 | 171.68 | NOTE | |
r-release-macos-arm64 | 1.1.5 | 97.00 | NOTE | |||
r-release-macos-x86_64 | 1.1.5 | 107.00 | NOTE | |||
r-release-windows-x86_64 | 1.1.5 | 102.00 | 142.00 | 244.00 | NOTE | |
r-oldrel-macos-arm64 | 1.1.5 | 89.00 | NOTE | |||
r-oldrel-macos-x86_64 | 1.1.5 | 166.00 | NOTE | |||
r-oldrel-windows-x86_64 | 1.1.5 | 100.00 | 156.00 | 256.00 | NOTE |
Version: 1.1.5
Check: C++ specification
Result: NOTE
Specified C++14: please drop specification unless essential
Flavors: r-devel-linux-x86_64-debian-clang, r-devel-linux-x86_64-debian-gcc, r-devel-linux-x86_64-fedora-clang, r-devel-linux-x86_64-fedora-gcc, r-devel-macos-arm64, r-devel-macos-x86_64, r-devel-windows-x86_64, r-patched-linux-x86_64, r-release-linux-x86_64, r-release-macos-arm64, r-release-macos-x86_64, r-release-windows-x86_64, r-oldrel-macos-arm64, r-oldrel-macos-x86_64, r-oldrel-windows-x86_64
Version: 1.1.5
Check: installed package size
Result: NOTE
installed size is 10.2Mb
sub-directories of 1Mb or more:
libs 8.3Mb
yacas 1.3Mb
Flavors: r-release-macos-arm64, r-release-macos-x86_64, r-oldrel-macos-arm64, r-oldrel-macos-x86_64
Version: 1.1.5
Check: package dependencies
Result: NOTE
Package suggested but not available for checking: 'unix'
Flavors: r-release-windows-x86_64, r-oldrel-windows-x86_64