Last updated on 2025-02-16 09:50:52 CET.
Flavor | Version | Tinstall | Tcheck | Ttotal | Status | Flags |
---|---|---|---|---|---|---|
r-devel-linux-x86_64-debian-clang | 0.1-33 | 3.26 | 18.99 | 22.25 | OK | |
r-devel-linux-x86_64-debian-gcc | 0.1-33 | 2.75 | 15.49 | 18.24 | OK | |
r-devel-linux-x86_64-fedora-clang | 0.1-33 | 38.93 | OK | |||
r-devel-linux-x86_64-fedora-gcc | 0.1-33 | 36.35 | OK | |||
r-devel-macos-arm64 | 0.1-33 | 20.00 | OK | |||
r-devel-macos-x86_64 | 0.1-33 | 36.00 | OK | |||
r-devel-windows-x86_64 | 0.1-33 | 15.00 | 96.00 | 111.00 | OK | |
r-patched-linux-x86_64 | 0.1-33 | 2.97 | 18.05 | 21.02 | OK | |
r-release-linux-x86_64 | 0.1-33 | 2.67 | 18.17 | 20.84 | OK | |
r-release-macos-arm64 | 0.1-33 | 35.00 | NOTE | |||
r-release-macos-x86_64 | 0.1-33 | 34.00 | OK | |||
r-release-windows-x86_64 | 0.1-33 | 15.00 | 95.00 | 110.00 | NOTE | |
r-oldrel-macos-arm64 | 0.1-33 | 21.00 | OK | |||
r-oldrel-macos-x86_64 | 0.1-33 | 26.00 | OK | |||
r-oldrel-windows-x86_64 | 0.1-33 | 19.00 | 104.00 | 123.00 | NOTE |
Version: 0.1-33
Check: Rd cross-references
Result: NOTE
Package unavailable to check Rd xrefs: ‘Rglpk’
Flavor: r-release-macos-arm64
Version: 0.1-33
Check: installed package size
Result: NOTE
installed size is 5.8Mb
sub-directories of 1Mb or more:
libs 5.8Mb
Flavors: r-release-windows-x86_64, r-oldrel-windows-x86_64