Last updated on 2025-07-12 09:49:29 CEST.
Flavor | Version | Tinstall | Tcheck | Ttotal | Status | Flags |
---|---|---|---|---|---|---|
r-devel-linux-x86_64-debian-clang | 0.0.0.3 | 5.40 | 54.80 | 60.20 | NOTE | |
r-devel-linux-x86_64-debian-gcc | 0.0.0.3 | 3.51 | 39.80 | 43.31 | NOTE | |
r-devel-linux-x86_64-fedora-clang | 0.0.0.3 | 90.52 | OK | |||
r-devel-linux-x86_64-fedora-gcc | 0.0.0.3 | 85.03 | OK | |||
r-devel-windows-x86_64 | 0.0.0.3 | 7.00 | 72.00 | 79.00 | OK | |
r-patched-linux-x86_64 | 0.0.0.3 | 5.32 | 50.01 | 55.33 | OK | |
r-release-linux-x86_64 | 0.0.0.3 | 3.76 | 49.24 | 53.00 | OK | |
r-release-macos-arm64 | 0.0.0.3 | 28.00 | OK | |||
r-release-macos-x86_64 | 0.0.0.3 | 48.00 | OK | |||
r-release-windows-x86_64 | 0.0.0.3 | 6.00 | 72.00 | 78.00 | OK | |
r-oldrel-macos-arm64 | 0.0.0.3 | 28.00 | OK | |||
r-oldrel-macos-x86_64 | 0.0.0.3 | 40.00 | OK | |||
r-oldrel-windows-x86_64 | 0.0.0.3 | 9.00 | 82.00 | 91.00 | OK |
Version: 0.0.0.3
Check: CRAN incoming feasibility
Result: NOTE
Maintainer: ‘Marie Delacre <marie.delacre@ulb.ac.be>’
Found the following \keyword or \concept entries
which likely give several index terms:
File ‘Intention.Rd’:
\keyword{Reminder,}
Flavors: r-devel-linux-x86_64-debian-clang, r-devel-linux-x86_64-debian-gcc