CRAN Package Check Results for Package RobustLinearReg

Last updated on 2025-02-16 09:50:51 CET.

Flavor Version Tinstall Tcheck Ttotal Status Flags
r-devel-linux-x86_64-debian-clang 1.2.0 1.72 16.07 17.79 OK
r-devel-linux-x86_64-debian-gcc 1.2.0 1.30 13.17 14.47 OK
r-devel-linux-x86_64-fedora-clang 1.2.0 29.51 OK
r-devel-linux-x86_64-fedora-gcc 1.2.0 27.26 OK
r-devel-macos-arm64 1.2.0 13.00 OK
r-devel-macos-x86_64 1.2.0 22.00 OK
r-devel-windows-x86_64 1.2.0 3.00 40.00 43.00 OK
r-patched-linux-x86_64 1.2.0 1.57 15.40 16.97 NOTE
r-release-linux-x86_64 1.2.0 1.69 15.49 17.18 NOTE
r-release-macos-arm64 1.2.0 14.00 NOTE
r-release-macos-x86_64 1.2.0 18.00 NOTE
r-release-windows-x86_64 1.2.0 2.00 34.00 36.00 NOTE
r-oldrel-macos-arm64 1.2.0 16.00 NOTE
r-oldrel-macos-x86_64 1.2.0 17.00 NOTE
r-oldrel-windows-x86_64 1.2.0 5.00 32.00 37.00 NOTE

Check Details

Version: 1.2.0
Check: LazyData
Result: NOTE 'LazyData' is specified without a 'data' directory Flavors: r-patched-linux-x86_64, r-release-linux-x86_64, r-release-macos-arm64, r-release-macos-x86_64, r-release-windows-x86_64, r-oldrel-macos-arm64, r-oldrel-macos-x86_64, r-oldrel-windows-x86_64