CRAN Package Check Results for Package Rnightly

Last updated on 2025-04-16 09:53:10 CEST.

Flavor Version Tinstall Tcheck Ttotal Status Flags
r-devel-linux-x86_64-debian-clang 0.1.0 1.71 16.82 18.53 OK
r-devel-linux-x86_64-debian-gcc 0.1.0 1.47 14.33 15.80 OK
r-devel-linux-x86_64-fedora-clang 0.1.0 30.10 OK
r-devel-linux-x86_64-fedora-gcc 0.1.0 28.61 OK
r-devel-windows-x86_64 0.1.0 3.00 43.00 46.00 OK
r-patched-linux-x86_64 0.1.0 1.18 16.54 17.72 OK
r-release-linux-x86_64 0.1.0 1.35 16.65 18.00 OK
r-release-macos-arm64 0.1.0 17.00 OK
r-release-macos-x86_64 0.1.0 25.00 OK
r-release-windows-x86_64 0.1.0 3.00 42.00 45.00 OK
r-oldrel-macos-arm64 0.1.0 15.00 NOTE
r-oldrel-macos-x86_64 0.1.0 22.00 NOTE
r-oldrel-windows-x86_64 0.1.0 3.00 43.00 46.00 NOTE

Check Details

Version: 0.1.0
Check: LazyData
Result: NOTE 'LazyData' is specified without a 'data' directory Flavors: r-oldrel-macos-arm64, r-oldrel-macos-x86_64, r-oldrel-windows-x86_64