Last updated on 2025-04-16 09:53:10 CEST.
Flavor | Version | Tinstall | Tcheck | Ttotal | Status | Flags |
---|---|---|---|---|---|---|
r-devel-linux-x86_64-debian-clang | 0.2-10 | 118.09 | 24.66 | 142.75 | OK | |
r-devel-linux-x86_64-debian-gcc | 0.2-10 | 78.69 | 19.08 | 97.77 | OK | |
r-devel-linux-x86_64-fedora-clang | 0.2-10 | 343.26 | OK | |||
r-devel-linux-x86_64-fedora-gcc | 0.2-10 | 245.83 | OK | |||
r-devel-windows-x86_64 | 0.2-10 | 149.00 | 88.00 | 237.00 | OK | |
r-patched-linux-x86_64 | 0.2-10 | 111.30 | 23.94 | 135.24 | OK | |
r-release-linux-x86_64 | 0.2-10 | 109.32 | 23.92 | 133.24 | OK | |
r-release-macos-arm64 | 0.2-10 | 61.00 | OK | |||
r-release-macos-x86_64 | 0.2-10 | 73.00 | OK | |||
r-release-windows-x86_64 | 0.2-10 | 150.00 | 95.00 | 245.00 | OK | |
r-oldrel-macos-arm64 | 0.2-10 | 57.00 | NOTE | |||
r-oldrel-macos-x86_64 | 0.2-10 | 69.00 | NOTE | |||
r-oldrel-windows-x86_64 | 0.2-10 | 150.00 | 94.00 | 244.00 | OK |
Version: 0.2-10
Check: installed package size
Result: NOTE
installed size is 8.5Mb
sub-directories of 1Mb or more:
libs 8.4Mb
Flavors: r-oldrel-macos-arm64, r-oldrel-macos-x86_64