CRAN Package Check Results for Package Rexperigen

Last updated on 2025-04-16 09:53:09 CEST.

Flavor Version Tinstall Tcheck Ttotal Status Flags
r-devel-linux-x86_64-debian-clang 0.2.1 1.82 21.39 23.21 OK
r-devel-linux-x86_64-debian-gcc 0.2.1 1.60 17.30 18.90 OK
r-devel-linux-x86_64-fedora-clang 0.2.1 36.71 OK
r-devel-linux-x86_64-fedora-gcc 0.2.1 62.18 OK
r-devel-windows-x86_64 0.2.1 4.00 46.00 50.00 OK
r-patched-linux-x86_64 0.2.1 2.19 20.83 23.02 OK
r-release-linux-x86_64 0.2.1 1.88 21.13 23.01 OK
r-release-macos-arm64 0.2.1 30.00 OK
r-release-macos-x86_64 0.2.1 84.00 OK
r-release-windows-x86_64 0.2.1 3.00 47.00 50.00 OK
r-oldrel-macos-arm64 0.2.1 29.00 NOTE
r-oldrel-macos-x86_64 0.2.1 56.00 NOTE
r-oldrel-windows-x86_64 0.2.1 3.00 48.00 51.00 NOTE

Check Details

Version: 0.2.1
Check: LazyData
Result: NOTE 'LazyData' is specified without a 'data' directory Flavors: r-oldrel-macos-arm64, r-oldrel-macos-x86_64, r-oldrel-windows-x86_64