CRAN Package Check Results for Package Require

Last updated on 2025-04-15 09:52:30 CEST.

Flavor Version Tinstall Tcheck Ttotal Status Flags
r-devel-linux-x86_64-debian-clang 1.0.1 13.04 114.89 127.93 NOTE
r-devel-linux-x86_64-debian-gcc 1.0.1 7.68 74.44 82.12 NOTE
r-devel-linux-x86_64-fedora-clang 1.0.1 143.64 NOTE
r-devel-linux-x86_64-fedora-gcc 1.0.1 163.02 NOTE
r-devel-windows-x86_64 1.0.1 12.00 102.00 114.00 NOTE
r-patched-linux-x86_64 1.0.1 11.77 118.14 129.91 NOTE
r-release-linux-x86_64 1.0.1 11.19 113.29 124.48 NOTE
r-release-macos-arm64 1.0.1 59.00 NOTE
r-release-macos-x86_64 1.0.1 93.00 NOTE
r-release-windows-x86_64 1.0.1 13.00 105.00 118.00 NOTE
r-oldrel-macos-arm64 1.0.1 66.00 OK
r-oldrel-macos-x86_64 1.0.1 161.00 OK
r-oldrel-windows-x86_64 1.0.1 18.00 133.00 151.00 OK

Check Details

Version: 1.0.1
Check: DESCRIPTION meta-information
Result: NOTE Missing dependency on R >= 4.1.0 because package code uses the pipe |> or function shorthand \(...) syntax added in R 4.1.0. File(s) using such syntax: ‘Require2.R’ ‘helpers.R’ ‘pak.R’ ‘pkgDep3.R’ Flavors: r-devel-linux-x86_64-debian-clang, r-devel-linux-x86_64-debian-gcc, r-devel-linux-x86_64-fedora-clang, r-devel-linux-x86_64-fedora-gcc, r-devel-windows-x86_64, r-patched-linux-x86_64, r-release-linux-x86_64, r-release-macos-arm64, r-release-macos-x86_64, r-release-windows-x86_64