Last updated on 2025-02-16 09:50:51 CET.
Flavor | Version | Tinstall | Tcheck | Ttotal | Status | Flags |
---|---|---|---|---|---|---|
r-devel-linux-x86_64-debian-clang | 3.1-4 | 12.85 | 88.34 | 101.19 | NOTE | |
r-devel-linux-x86_64-debian-gcc | 3.1-4 | 8.07 | 57.25 | 65.32 | NOTE | |
r-devel-linux-x86_64-fedora-clang | 3.1-4 | 168.47 | OK | |||
r-devel-linux-x86_64-fedora-gcc | 3.1-4 | 151.23 | OK | |||
r-devel-macos-arm64 | 3.1-4 | 39.00 | OK | |||
r-devel-macos-x86_64 | 3.1-4 | 86.00 | OK | |||
r-devel-windows-x86_64 | 3.1-4 | 14.00 | 114.00 | 128.00 | NOTE | |
r-patched-linux-x86_64 | 3.1-4 | 13.41 | 82.76 | 96.17 | OK | |
r-release-linux-x86_64 | 3.1-4 | 11.47 | 83.83 | 95.30 | OK | |
r-release-macos-arm64 | 3.1-4 | 38.00 | OK | |||
r-release-macos-x86_64 | 3.1-4 | 62.00 | OK | |||
r-release-windows-x86_64 | 3.1-4 | 15.00 | 120.00 | 135.00 | OK | |
r-oldrel-macos-arm64 | 3.1-4 | 45.00 | OK | |||
r-oldrel-macos-x86_64 | 3.1-4 | 112.00 | OK | |||
r-oldrel-windows-x86_64 | 3.1-4 | 15.00 | 130.00 | 145.00 | OK |
Version: 3.1-4
Check: Rd cross-references
Result: NOTE
Found the following Rd file(s) with Rd \link{} targets missing package
anchors:
NBlevy.Rd: glm.nb
Please provide package anchors for all Rd \link{} targets not in the
package itself and the base packages.
Flavors: r-devel-linux-x86_64-debian-clang, r-devel-linux-x86_64-debian-gcc, r-devel-windows-x86_64