Last updated on 2025-02-16 09:50:50 CET.
Flavor | Version | Tinstall | Tcheck | Ttotal | Status | Flags |
---|---|---|---|---|---|---|
r-devel-linux-x86_64-debian-clang | 0.1.7 | 36.74 | 39.65 | 76.39 | NOTE | |
r-devel-linux-x86_64-debian-gcc | 0.1.7 | 25.45 | 32.66 | 58.11 | NOTE | |
r-devel-linux-x86_64-fedora-clang | 0.1.7 | 144.52 | NOTE | |||
r-devel-linux-x86_64-fedora-gcc | 0.1.7 | 152.61 | NOTE | |||
r-devel-macos-arm64 | 0.1.7 | 48.00 | NOTE | |||
r-devel-macos-x86_64 | 0.1.7 | 67.00 | NOTE | |||
r-devel-windows-x86_64 | 0.1.7 | 41.00 | 100.00 | 141.00 | NOTE | |
r-patched-linux-x86_64 | 0.1.7 | 36.23 | 38.29 | 74.52 | NOTE | |
r-release-linux-x86_64 | 0.1.7 | 34.02 | 37.72 | 71.74 | NOTE | |
r-release-macos-arm64 | 0.1.7 | 46.00 | NOTE | |||
r-release-macos-x86_64 | 0.1.7 | 59.00 | NOTE | |||
r-release-windows-x86_64 | 0.1.7 | 39.00 | 121.00 | 160.00 | NOTE | |
r-oldrel-macos-arm64 | 0.1.7 | 42.00 | NOTE | |||
r-oldrel-macos-x86_64 | 0.1.7 | 81.00 | NOTE | |||
r-oldrel-windows-x86_64 | 0.1.7 | 50.00 | 109.00 | 159.00 | NOTE |
Version: 0.1.7
Check: C++ specification
Result: NOTE
Specified C++11: please drop specification unless essential
Flavors: r-devel-linux-x86_64-debian-clang, r-devel-linux-x86_64-debian-gcc, r-devel-linux-x86_64-fedora-clang, r-devel-linux-x86_64-fedora-gcc, r-devel-macos-arm64, r-devel-macos-x86_64, r-devel-windows-x86_64, r-patched-linux-x86_64, r-release-linux-x86_64, r-release-macos-arm64, r-release-macos-x86_64, r-release-windows-x86_64, r-oldrel-macos-arm64, r-oldrel-macos-x86_64, r-oldrel-windows-x86_64