Last updated on 2025-04-16 09:53:09 CEST.
Flavor | Version | Tinstall | Tcheck | Ttotal | Status | Flags |
---|---|---|---|---|---|---|
r-devel-linux-x86_64-debian-clang | 0.2.13 | 14.79 | 32.52 | 47.31 | NOTE | |
r-devel-linux-x86_64-debian-gcc | 0.2.13 | 11.30 | 26.19 | 37.49 | NOTE | |
r-devel-linux-x86_64-fedora-clang | 0.2.13 | 79.06 | OK | |||
r-devel-linux-x86_64-fedora-gcc | 0.2.13 | 90.16 | OK | |||
r-devel-windows-x86_64 | 0.2.13 | 17.00 | 139.00 | 156.00 | OK | |
r-patched-linux-x86_64 | 0.2.13 | 15.47 | 32.06 | 47.53 | NOTE | |
r-release-linux-x86_64 | 0.2.13 | 15.43 | 31.96 | 47.39 | NOTE | |
r-release-macos-arm64 | 0.2.13 | 38.00 | OK | |||
r-release-macos-x86_64 | 0.2.13 | 80.00 | OK | |||
r-release-windows-x86_64 | 0.2.13 | 18.00 | 140.00 | 158.00 | OK | |
r-oldrel-macos-arm64 | 0.2.13 | 50.00 | OK | |||
r-oldrel-macos-x86_64 | 0.2.13 | 83.00 | OK | |||
r-oldrel-windows-x86_64 | 0.2.13 | 16.00 | 103.00 | 119.00 | OK |
Version: 0.2.13
Check: for unstated dependencies in ‘demo’
Result: NOTE
'library' or 'require' call not declared from: ‘rbenchmark’
Flavors: r-devel-linux-x86_64-debian-clang, r-devel-linux-x86_64-debian-gcc, r-patched-linux-x86_64, r-release-linux-x86_64