CRAN Package Check Results for Package RcppBlaze

Last updated on 2025-04-16 09:53:09 CEST.

Flavor Version Tinstall Tcheck Ttotal Status Flags
r-devel-linux-x86_64-debian-clang 1.0.1 70.27 141.40 211.67 OK
r-devel-linux-x86_64-debian-gcc 1.0.1 54.26 97.80 152.06 OK
r-devel-linux-x86_64-fedora-clang 1.0.1 361.46 OK
r-devel-linux-x86_64-fedora-gcc 1.0.1 374.44 OK
r-devel-windows-x86_64 1.0.1 135.00 235.00 370.00 OK
r-patched-linux-x86_64 1.0.1 70.39 132.67 203.06 OK
r-release-linux-x86_64 1.0.1 76.54 132.76 209.30 OK
r-release-macos-arm64 1.0.1 83.00 OK
r-release-macos-x86_64 1.0.1 194.00 OK
r-release-windows-x86_64 1.0.1 109.00 225.00 334.00 OK
r-oldrel-macos-arm64 1.0.1 79.00 NOTE
r-oldrel-macos-x86_64 1.0.1 123.00 NOTE
r-oldrel-windows-x86_64 1.0.1 143.00 219.00 362.00 NOTE

Check Details

Version: 1.0.1
Check: installed package size
Result: NOTE installed size is 39.7Mb sub-directories of 1Mb or more: include 37.8Mb libs 1.8Mb Flavors: r-oldrel-macos-arm64, r-oldrel-macos-x86_64, r-oldrel-windows-x86_64