Last updated on 2025-04-15 09:52:29 CEST.
Flavor | Version | Tinstall | Tcheck | Ttotal | Status | Flags |
---|---|---|---|---|---|---|
r-devel-linux-x86_64-debian-clang | 2.9.3 | 242.79 | 184.28 | 427.07 | OK | |
r-devel-linux-x86_64-debian-gcc | 2.9.3 | 163.48 | 127.78 | 291.26 | OK | |
r-devel-linux-x86_64-fedora-clang | 2.9.3 | 855.94 | OK | |||
r-devel-linux-x86_64-fedora-gcc | 2.9.3 | 759.55 | OK | |||
r-devel-windows-x86_64 | 2.9.3 | 282.00 | 255.00 | 537.00 | OK | |
r-patched-linux-x86_64 | 2.9.3 | 232.24 | 178.38 | 410.62 | OK | |
r-release-linux-x86_64 | 2.9.3 | 233.98 | 177.83 | 411.81 | OK | |
r-release-macos-arm64 | 2.9.3 | 168.00 | OK | |||
r-release-macos-x86_64 | 2.9.3 | 251.00 | OK | |||
r-release-windows-x86_64 | 2.9.3 | 294.00 | 273.00 | 567.00 | OK | |
r-oldrel-macos-arm64 | 2.9.3 | 198.00 | NOTE | |||
r-oldrel-macos-x86_64 | 2.9.3 | 347.00 | NOTE | |||
r-oldrel-windows-x86_64 | 2.9.3 | 283.00 | 291.00 | 574.00 | OK |
Version: 2.9.3
Check: installed package size
Result: NOTE
installed size is 21.1Mb
sub-directories of 1Mb or more:
doc 1.2Mb
libs 18.8Mb
Flavors: r-oldrel-macos-arm64, r-oldrel-macos-x86_64