Last updated on 2025-02-16 09:50:50 CET.
Flavor | Version | Tinstall | Tcheck | Ttotal | Status | Flags |
---|---|---|---|---|---|---|
r-devel-linux-x86_64-debian-clang | 0.2-3 | 18.26 | 130.03 | 148.29 | NOTE | |
r-devel-linux-x86_64-debian-gcc | 0.2-3 | 12.80 | 96.17 | 108.97 | NOTE | |
r-devel-linux-x86_64-fedora-clang | 0.2-3 | 257.34 | OK | |||
r-devel-linux-x86_64-fedora-gcc | 0.2-3 | 235.11 | OK | |||
r-devel-macos-arm64 | 0.2-3 | 87.00 | OK | |||
r-devel-macos-x86_64 | 0.2-3 | 146.00 | OK | |||
r-devel-windows-x86_64 | 0.2-3 | 27.00 | 203.00 | 230.00 | NOTE | |
r-patched-linux-x86_64 | 0.2-3 | 23.18 | 122.00 | 145.18 | OK | |
r-release-linux-x86_64 | 0.2-3 | 16.88 | 120.34 | 137.22 | OK | |
r-release-macos-arm64 | 0.2-3 | 89.00 | OK | |||
r-release-macos-x86_64 | 0.2-3 | 116.00 | OK | |||
r-release-windows-x86_64 | 0.2-3 | 25.00 | 169.00 | 194.00 | OK | |
r-oldrel-macos-arm64 | 0.2-3 | 68.00 | OK | |||
r-oldrel-macos-x86_64 | 0.2-3 | 143.00 | OK | |||
r-oldrel-windows-x86_64 | 0.2-3 | 22.00 | 168.00 | 190.00 | OK |
Version: 0.2-3
Check: Rd cross-references
Result: NOTE
Found the following Rd file(s) with Rd \link{} targets missing package
anchors:
RcmdrPlugin.DCE-package.Rd: support.CEs, Rcmdr
Please provide package anchors for all Rd \link{} targets not in the
package itself and the base packages.
Flavors: r-devel-linux-x86_64-debian-clang, r-devel-linux-x86_64-debian-gcc, r-devel-windows-x86_64