CRAN Package Check Results for Package Rchoice

Last updated on 2025-07-12 09:49:28 CEST.

Flavor Version Tinstall Tcheck Ttotal Status Flags
r-devel-linux-x86_64-debian-clang 0.3-6 16.21 122.12 138.33 NOTE
r-devel-linux-x86_64-debian-gcc 0.3-6 11.48 82.60 94.08 NOTE
r-devel-linux-x86_64-fedora-clang 0.3-6 215.19 NOTE
r-devel-linux-x86_64-fedora-gcc 0.3-6 200.85 NOTE
r-devel-windows-x86_64 0.3-6 17.00 149.00 166.00 NOTE
r-patched-linux-x86_64 0.3-6 15.92 113.19 129.11 NOTE
r-release-linux-x86_64 0.3-6 15.77 115.17 130.94 NOTE
r-release-macos-arm64 0.3-6 61.00 NOTE
r-release-macos-x86_64 0.3-6 115.00 NOTE
r-release-windows-x86_64 0.3-6 18.00 117.00 135.00 NOTE
r-oldrel-macos-arm64 0.3-6 48.00 NOTE
r-oldrel-macos-x86_64 0.3-6 78.00 NOTE
r-oldrel-windows-x86_64 0.3-6 23.00 143.00 166.00 NOTE

Check Details

Version: 0.3-6
Check: Rd files
Result: NOTE checkRd: (-1) Rchoice.Rd:159: Lost braces; missing escapes or markup? 159 | \code{ranp}. If the parameters are assumed to be normally distributed \eqn{\beta_i ~ N(\beta, \Sigma)}, then the random parameter are constructed as: \deqn{\beta_{ir}=\beta+L\omega_{ir}} where \eqn{LL'=\Sigma} and \eqn{\omega_{ir}} is the {r}-th draw from standard normal distribution for individual \eqn{i}. | ^ Flavors: r-devel-linux-x86_64-debian-clang, r-devel-linux-x86_64-debian-gcc, r-devel-linux-x86_64-fedora-clang, r-devel-linux-x86_64-fedora-gcc, r-devel-windows-x86_64, r-patched-linux-x86_64, r-release-linux-x86_64, r-release-macos-arm64, r-release-macos-x86_64, r-release-windows-x86_64, r-oldrel-macos-arm64, r-oldrel-macos-x86_64, r-oldrel-windows-x86_64