Last updated on 2025-02-19 09:51:00 CET.
Flavor | Version | Tinstall | Tcheck | Ttotal | Status | Flags |
---|---|---|---|---|---|---|
r-devel-linux-x86_64-debian-clang | 0.3-11 | 182.25 | 33.10 | 215.35 | OK | |
r-devel-linux-x86_64-debian-gcc | 0.3-11 | 132.87 | 25.98 | 158.85 | OK | |
r-devel-linux-x86_64-fedora-clang | 0.3-11 | 551.74 | OK | |||
r-devel-linux-x86_64-fedora-gcc | 0.3-11 | 441.89 | OK | |||
r-devel-macos-arm64 | 0.3-11 | 97.00 | OK | |||
r-devel-macos-x86_64 | 0.3-11 | 150.00 | OK | |||
r-devel-windows-x86_64 | 0.3-11 | 196.00 | 82.00 | 278.00 | OK | |
r-patched-linux-x86_64 | 0.3-11 | 183.30 | 31.22 | 214.52 | OK | |
r-release-linux-x86_64 | 0.3-11 | 182.30 | 31.67 | 213.97 | OK | |
r-release-macos-arm64 | 0.3-11 | 94.00 | NOTE | |||
r-release-macos-x86_64 | 0.3-11 | 139.00 | NOTE | |||
r-release-windows-x86_64 | 0.3-11 | 199.00 | 85.00 | 284.00 | OK | |
r-oldrel-macos-arm64 | 0.3-7 | 101.00 | NOTE | |||
r-oldrel-macos-x86_64 | 0.3-11 | 131.00 | NOTE | |||
r-oldrel-windows-x86_64 | 0.3-11 | 199.00 | 112.00 | 311.00 | OK |
Version: 0.3-11
Check: installed package size
Result: NOTE
installed size is 14.3Mb
sub-directories of 1Mb or more:
libs 14.0Mb
Flavors: r-release-macos-arm64, r-release-macos-x86_64, r-oldrel-macos-x86_64
Version: 0.3-7
Check: installed package size
Result: NOTE
installed size is 14.0Mb
sub-directories of 1Mb or more:
libs 13.8Mb
Flavor: r-oldrel-macos-arm64