Last updated on 2025-02-16 09:50:50 CET.
Flavor | Version | Tinstall | Tcheck | Ttotal | Status | Flags |
---|---|---|---|---|---|---|
r-devel-linux-x86_64-debian-clang | 0.2.0 | 14.53 | 114.84 | 129.37 | OK | |
r-devel-linux-x86_64-debian-gcc | 0.2.0 | 10.70 | 79.51 | 90.21 | OK | |
r-devel-linux-x86_64-fedora-clang | 0.2.0 | 206.97 | OK | |||
r-devel-linux-x86_64-fedora-gcc | 0.2.0 | 201.76 | OK | |||
r-devel-macos-arm64 | 0.2.0 | 59.00 | OK | |||
r-devel-macos-x86_64 | 0.2.0 | 141.00 | OK | |||
r-devel-windows-x86_64 | 0.2.0 | 14.00 | 115.00 | 129.00 | OK | |
r-patched-linux-x86_64 | 0.2.0 | 11.41 | 104.14 | 115.55 | NOTE | |
r-release-linux-x86_64 | 0.2.0 | 13.32 | 102.57 | 115.89 | NOTE | |
r-release-macos-arm64 | 0.2.0 | 59.00 | NOTE | |||
r-release-macos-x86_64 | 0.2.0 | 91.00 | NOTE | |||
r-release-windows-x86_64 | 0.2.0 | 15.00 | 116.00 | 131.00 | NOTE | |
r-oldrel-macos-arm64 | 0.2.0 | 64.00 | NOTE | |||
r-oldrel-macos-x86_64 | 0.2.0 | 105.00 | NOTE | |||
r-oldrel-windows-x86_64 | 0.2.0 | 20.00 | 136.00 | 156.00 | NOTE |
Version: 0.2.0
Check: LazyData
Result: NOTE
'LazyData' is specified without a 'data' directory
Flavors: r-patched-linux-x86_64, r-release-linux-x86_64, r-release-macos-arm64, r-release-macos-x86_64, r-release-windows-x86_64, r-oldrel-macos-arm64, r-oldrel-macos-x86_64, r-oldrel-windows-x86_64