Last updated on 2025-02-19 09:51:00 CET.
Flavor | Version | Tinstall | Tcheck | Ttotal | Status | Flags |
---|---|---|---|---|---|---|
r-devel-linux-x86_64-debian-clang | 1.2.9 | 320.17 | 527.86 | 848.03 | OK | |
r-devel-linux-x86_64-debian-gcc | 1.2.9 | 219.80 | 351.23 | 571.03 | OK | |
r-devel-linux-x86_64-fedora-clang | 1.2.9 | 1647.35 | OK | |||
r-devel-linux-x86_64-fedora-gcc | 1.2.9 | 1503.61 | OK | |||
r-devel-macos-arm64 | 1.2.9 | 403.00 | OK | |||
r-devel-macos-x86_64 | 1.2.9 | 636.00 | OK | |||
r-devel-windows-x86_64 | 1.2.9 | 337.00 | 592.00 | 929.00 | OK | |
r-patched-linux-x86_64 | 1.2.9 | 317.08 | 520.32 | 837.40 | OK | |
r-release-linux-x86_64 | 1.2.9 | 312.44 | 513.40 | 825.84 | OK | |
r-release-macos-arm64 | 1.2.9 | 399.00 | NOTE | |||
r-release-macos-x86_64 | 1.2.9 | 527.00 | NOTE | |||
r-release-windows-x86_64 | 1.2.9 | 337.00 | 594.00 | 931.00 | NOTE | |
r-oldrel-macos-arm64 | 1.2.9 | 422.00 | NOTE | |||
r-oldrel-macos-x86_64 | 1.2.9 | 333.00 | NOTE | |||
r-oldrel-windows-x86_64 | 1.2.9 | 403.00 | 734.00 | 1137.00 | NOTE |
Version: 1.2.9
Check: installed package size
Result: NOTE
installed size is 25.1Mb
sub-directories of 1Mb or more:
doc 5.3Mb
htmlwidgets 1.8Mb
libs 16.0Mb
Flavors: r-release-macos-arm64, r-release-macos-x86_64, r-release-windows-x86_64, r-oldrel-macos-arm64, r-oldrel-macos-x86_64, r-oldrel-windows-x86_64