Last updated on 2025-02-16 09:50:52 CET.
Flavor | Version | Tinstall | Tcheck | Ttotal | Status | Flags |
---|---|---|---|---|---|---|
r-devel-linux-x86_64-debian-clang | 1.7.1.8 | 1.84 | 11.66 | 13.50 | OK | |
r-devel-linux-x86_64-debian-gcc | 1.7.1.8 | 1.35 | 9.91 | 11.26 | OK | |
r-devel-linux-x86_64-fedora-clang | 1.7.1.8 | 22.91 | OK | |||
r-devel-linux-x86_64-fedora-gcc | 1.7.1.8 | 22.76 | OK | |||
r-devel-macos-arm64 | 1.7.1.8 | 13.00 | OK | |||
r-devel-macos-x86_64 | 1.7.1.8 | 19.00 | OK | |||
r-devel-windows-x86_64 | 1.7.1.8 | 4.00 | 33.00 | 37.00 | OK | |
r-patched-linux-x86_64 | 1.7.1.8 | 1.61 | 11.06 | 12.67 | OK | |
r-release-linux-x86_64 | 1.7.1.8 | 1.61 | 11.25 | 12.86 | OK | |
r-release-macos-arm64 | 1.7.1.8 | 16.00 | NOTE | |||
r-release-macos-x86_64 | 1.7.1.8 | 18.00 | NOTE | |||
r-release-windows-x86_64 | 1.7.1.8 | 5.00 | 41.00 | 46.00 | NOTE | |
r-oldrel-macos-arm64 | 1.7.1.8 | 14.00 | NOTE | |||
r-oldrel-macos-x86_64 | 1.7.1.8 | 16.00 | NOTE | |||
r-oldrel-windows-x86_64 | 1.7.1.8 | 7.00 | 40.00 | 47.00 | NOTE |
Version: 1.7.1.8
Check: installed package size
Result: NOTE
installed size is 5.2Mb
sub-directories of 1Mb or more:
include 5.1Mb
Flavors: r-release-macos-arm64, r-release-macos-x86_64, r-release-windows-x86_64, r-oldrel-macos-arm64, r-oldrel-macos-x86_64, r-oldrel-windows-x86_64
Version: 1.7.1.8
Check: package dependencies
Result: NOTE
Package suggested but not available for checking: 'gpuR'
Flavors: r-release-windows-x86_64, r-oldrel-macos-arm64, r-oldrel-macos-x86_64, r-oldrel-windows-x86_64