Last updated on 2025-02-16 09:50:52 CET.
Flavor | Version | Tinstall | Tcheck | Ttotal | Status | Flags |
---|---|---|---|---|---|---|
r-devel-linux-x86_64-debian-clang | 1.1.0 | 4.16 | 63.81 | 67.97 | OK | |
r-devel-linux-x86_64-debian-gcc | 1.1.0 | 2.71 | 47.24 | 49.95 | OK | |
r-devel-linux-x86_64-fedora-clang | 1.1.0 | 116.15 | OK | |||
r-devel-linux-x86_64-fedora-gcc | 1.1.0 | 120.19 | OK | |||
r-devel-macos-arm64 | 1.1.0 | 34.00 | OK | |||
r-devel-macos-x86_64 | 1.1.0 | 64.00 | OK | |||
r-devel-windows-x86_64 | 1.1.0 | 6.00 | 69.00 | 75.00 | OK | |
r-patched-linux-x86_64 | 1.1.0 | 4.08 | 58.15 | 62.23 | NOTE | |
r-release-linux-x86_64 | 1.1.0 | 3.87 | 58.20 | 62.07 | NOTE | |
r-release-macos-arm64 | 1.1.0 | 32.00 | NOTE | |||
r-release-macos-x86_64 | 1.1.0 | 53.00 | NOTE | |||
r-release-windows-x86_64 | 1.1.0 | 6.00 | 67.00 | 73.00 | NOTE | |
r-oldrel-macos-arm64 | 1.1.0 | 32.00 | NOTE | |||
r-oldrel-macos-x86_64 | 1.1.0 | 48.00 | NOTE | |||
r-oldrel-windows-x86_64 | 1.1.0 | 6.00 | 107.00 | 113.00 | NOTE |
Version: 1.1.0
Check: LazyData
Result: NOTE
'LazyData' is specified without a 'data' directory
Flavors: r-patched-linux-x86_64, r-release-linux-x86_64, r-release-macos-arm64, r-release-macos-x86_64, r-release-windows-x86_64, r-oldrel-macos-arm64, r-oldrel-macos-x86_64, r-oldrel-windows-x86_64