Last updated on 2025-02-19 09:51:02 CET.
Flavor | Version | Tinstall | Tcheck | Ttotal | Status | Flags |
---|---|---|---|---|---|---|
r-devel-linux-x86_64-debian-clang | 1.0.1 | 2.17 | 24.22 | 26.39 | OK | |
r-devel-linux-x86_64-debian-gcc | 1.0.1 | 1.53 | 18.19 | 19.72 | OK | |
r-devel-linux-x86_64-fedora-clang | 1.0.1 | 45.81 | NOTE | |||
r-devel-linux-x86_64-fedora-gcc | 1.0.1 | 41.08 | NOTE | |||
r-devel-macos-arm64 | 1.0.1 | 16.00 | OK | |||
r-devel-macos-x86_64 | 1.0.1 | 43.00 | OK | |||
r-devel-windows-x86_64 | 1.0.1 | 4.00 | 47.00 | 51.00 | OK | |
r-patched-linux-x86_64 | 1.0.1 | 2.29 | 22.83 | 25.12 | OK | |
r-release-linux-x86_64 | 1.0.1 | 2.25 | 23.04 | 25.29 | OK | |
r-release-macos-arm64 | 1.0.1 | 18.00 | OK | |||
r-release-macos-x86_64 | 1.0.1 | 26.00 | OK | |||
r-release-windows-x86_64 | 1.0.1 | 3.00 | 46.00 | 49.00 | OK | |
r-oldrel-macos-arm64 | 1.0.1 | 20.00 | OK | |||
r-oldrel-macos-x86_64 | 1.0.1 | 27.00 | OK | |||
r-oldrel-windows-x86_64 | 1.0.1 | 4.00 | 52.00 | 56.00 | OK |
Version: 1.0.1
Check: dependencies in R code
Result: NOTE
Namespaces in Imports field not imported from:
‘keys’ ‘shinyWidgets’ ‘testthat’
All declared Imports should be used.
Flavors: r-devel-linux-x86_64-fedora-clang, r-devel-linux-x86_64-fedora-gcc