CRAN Package Check Results for Package RRgeo

Last updated on 2025-04-15 09:52:31 CEST.

Flavor Version Tinstall Tcheck Ttotal Status Flags
r-devel-linux-x86_64-debian-clang 0.0.3 48.61 408.09 456.70 NOTE
r-devel-linux-x86_64-debian-gcc 0.0.3 25.73 261.33 287.06 NOTE
r-devel-linux-x86_64-fedora-clang 0.0.3 717.28 NOTE
r-devel-linux-x86_64-fedora-gcc 0.0.3 727.08 NOTE
r-devel-windows-x86_64 0.0.3 42.00 303.00 345.00 NOTE
r-patched-linux-x86_64 0.0.3 40.28 379.81 420.09 NOTE
r-release-linux-x86_64 0.0.3 43.50 381.78 425.28 NOTE
r-release-macos-arm64 0.0.3 172.00 OK
r-release-macos-x86_64 0.0.3 376.00 OK
r-release-windows-x86_64 0.0.3 43.00 321.00 364.00 OK
r-oldrel-macos-arm64 0.0.3 165.00 NOTE
r-oldrel-macos-x86_64 0.0.3 373.00 NOTE
r-oldrel-windows-x86_64 0.0.3 60.00 413.00 473.00 NOTE

Check Details

Version: 0.0.3
Check: Rd cross-references
Result: NOTE Unknown package ‘Bchron’ in Rd xrefs Flavors: r-devel-linux-x86_64-debian-clang, r-devel-linux-x86_64-debian-gcc, r-devel-linux-x86_64-fedora-gcc, r-devel-windows-x86_64, r-patched-linux-x86_64, r-release-linux-x86_64

Version: 0.0.3
Check: Rd cross-references
Result: NOTE Undeclared package ‘adehabitatHS’ in Rd xrefs Unknown package ‘Bchron’ in Rd xrefs Flavor: r-devel-linux-x86_64-fedora-clang

Version: 0.0.3
Check: package dependencies
Result: NOTE Package suggested but not available for checking: ‘rnaturalearthhires’ Flavors: r-oldrel-macos-arm64, r-oldrel-macos-x86_64, r-oldrel-windows-x86_64