CRAN Package Check Results for Package ROpenCVLite

Last updated on 2025-02-16 09:50:51 CET.

Flavor Version Tinstall Tcheck Ttotal Status Flags
r-devel-linux-x86_64-debian-clang 4.90.2 2.20 23.73 25.93 OK
r-devel-linux-x86_64-debian-gcc 4.90.2 1.96 19.39 21.35 OK
r-devel-linux-x86_64-fedora-clang 4.90.2 45.50 OK
r-devel-linux-x86_64-fedora-gcc 4.90.2 55.13 OK
r-devel-macos-arm64 4.90.2 28.00 WARN
r-devel-macos-x86_64 4.90.2 55.00 WARN
r-devel-windows-x86_64 4.90.2 10.00 47.00 57.00 OK
r-patched-linux-x86_64 4.90.2 2.43 22.55 24.98 OK
r-release-linux-x86_64 4.90.2 2.08 22.88 24.96 OK
r-release-macos-arm64 4.90.2 33.00 WARN
r-release-macos-x86_64 4.90.2 73.00 WARN
r-release-windows-x86_64 4.90.2 12.00 48.00 60.00 OK
r-oldrel-macos-arm64 4.90.2 34.00 WARN
r-oldrel-macos-x86_64 4.90.2 64.00 WARN
r-oldrel-windows-x86_64 4.90.2 11.00 48.00 59.00 OK

Check Details

Version: 4.90.2
Check: whether startup messages can be suppressed
Result: NOTE sh: cmake: command not found ------------------ CMAKE NOT FOUND -------------------- CMake was not found on the PATH. Please install CMake: - installr::install.cmake() (Windows; inside the R console) - yum install cmake (Fedora/CentOS; inside a terminal) - apt install cmake (Debian/Ubuntu; inside a terminal) - brew install cmake (MacOS; inside a terminal with Homebrew) - port install cmake (MacOS; inside a terminal with MacPorts) Alternatively install CMake from: <https://cmake.org/> ------------------------------------------------------- It looks like this package (or a package it requires) has a startup message which cannot be suppressed: see ?packageStartupMessage. Flavors: r-devel-macos-arm64, r-devel-macos-x86_64, r-release-macos-arm64, r-release-macos-x86_64

Version: 4.90.2
Check: for missing documentation entries
Result: WARN sh: cmake: command not found All user-level objects in a package should have documentation entries. See chapter ‘Writing R documentation files’ in the ‘Writing R Extensions’ manual. Flavors: r-devel-macos-arm64, r-devel-macos-x86_64, r-release-macos-arm64, r-release-macos-x86_64, r-oldrel-macos-arm64, r-oldrel-macos-x86_64

Version: 4.90.2
Check: for code/documentation mismatches
Result: WARN sh: cmake: command not found sh: cmake: command not found sh: cmake: command not found Flavors: r-devel-macos-arm64, r-devel-macos-x86_64, r-release-macos-arm64, r-release-macos-x86_64, r-oldrel-macos-arm64, r-oldrel-macos-x86_64

Version: 4.90.2
Check: startup messages can be suppressed
Result: NOTE sh: cmake: command not found ------------------ CMAKE NOT FOUND -------------------- CMake was not found on the PATH. Please install CMake: - installr::install.cmake() (Windows; inside the R console) - yum install cmake (Fedora/CentOS; inside a terminal) - apt install cmake (Debian/Ubuntu; inside a terminal) - brew install cmake (MacOS; inside a terminal with Homebrew) - port install cmake (MacOS; inside a terminal with MacPorts) Alternatively install CMake from: <https://cmake.org/> ------------------------------------------------------- It looks like this package (or a package it requires) has a startup message which cannot be suppressed: see ?packageStartupMessage. Flavors: r-oldrel-macos-arm64, r-oldrel-macos-x86_64