Last updated on 2025-02-16 09:50:51 CET.
Flavor | Version | Tinstall | Tcheck | Ttotal | Status | Flags |
---|---|---|---|---|---|---|
r-devel-linux-x86_64-debian-clang | 1.1.0 | 10.88 | 90.83 | 101.71 | OK | |
r-devel-linux-x86_64-debian-gcc | 1.1.0 | 7.71 | 66.53 | 74.24 | OK | |
r-devel-linux-x86_64-fedora-clang | 1.1.0 | 168.92 | OK | |||
r-devel-linux-x86_64-fedora-gcc | 1.1.0 | 166.90 | OK | |||
r-devel-macos-arm64 | 1.1.0 | 53.00 | OK | |||
r-devel-macos-x86_64 | 1.1.0 | 122.00 | OK | |||
r-devel-windows-x86_64 | 1.1.0 | 12.00 | 98.00 | 110.00 | OK | |
r-patched-linux-x86_64 | 1.1.0 | 9.78 | 85.32 | 95.10 | NOTE | |
r-release-linux-x86_64 | 1.1.0 | 9.06 | 85.12 | 94.18 | NOTE | |
r-release-macos-arm64 | 1.1.0 | 50.00 | NOTE | |||
r-release-macos-x86_64 | 1.1.0 | 105.00 | NOTE | |||
r-release-windows-x86_64 | 1.1.0 | 12.00 | 101.00 | 113.00 | NOTE | |
r-oldrel-macos-arm64 | 1.1.0 | 50.00 | NOTE | |||
r-oldrel-macos-x86_64 | 1.1.0 | 83.00 | NOTE | |||
r-oldrel-windows-x86_64 | 1.1.0 | 14.00 | 118.00 | 132.00 | NOTE |
Version: 1.1.0
Check: LazyData
Result: NOTE
'LazyData' is specified without a 'data' directory
Flavors: r-patched-linux-x86_64, r-release-linux-x86_64, r-release-macos-arm64, r-release-macos-x86_64, r-release-windows-x86_64, r-oldrel-macos-arm64, r-oldrel-macos-x86_64, r-oldrel-windows-x86_64