CRAN Package Check Results for Package RMTL

Last updated on 2025-02-19 09:51:01 CET.

Flavor Version Tinstall Tcheck Ttotal Status Flags
r-devel-linux-x86_64-debian-clang 0.9.9 3.95 44.70 48.65 NOTE
r-devel-linux-x86_64-debian-gcc 0.9.9 2.63 32.18 34.81 NOTE
r-devel-linux-x86_64-fedora-clang 0.9.9 82.60 NOTE
r-devel-linux-x86_64-fedora-gcc 0.9.9 91.98 NOTE
r-devel-macos-arm64 0.9.9 34.00 NOTE
r-devel-macos-x86_64 0.9.9 63.00 NOTE
r-devel-windows-x86_64 0.9.9 5.00 61.00 66.00 NOTE
r-patched-linux-x86_64 0.9.9 3.37 42.24 45.61 NOTE
r-release-linux-x86_64 0.9.9 3.69 42.08 45.77 NOTE
r-release-macos-arm64 0.9.9 32.00 NOTE
r-release-macos-x86_64 0.9.9 55.00 NOTE
r-release-windows-x86_64 0.9.9 6.00 61.00 67.00 NOTE
r-oldrel-macos-arm64 0.9.9 33.00 NOTE
r-oldrel-macos-x86_64 0.9.9 45.00 NOTE
r-oldrel-windows-x86_64 0.9.9 6.00 64.00 70.00 NOTE

Check Details

Version: 0.9.9
Check: package subdirectories
Result: NOTE Problems with news in ‘NEWS.md’: No news entries found. Flavors: r-devel-linux-x86_64-debian-clang, r-devel-linux-x86_64-debian-gcc, r-devel-linux-x86_64-fedora-clang, r-devel-linux-x86_64-fedora-gcc, r-devel-macos-arm64, r-devel-macos-x86_64, r-devel-windows-x86_64, r-patched-linux-x86_64, r-release-linux-x86_64, r-release-macos-arm64, r-release-macos-x86_64, r-release-windows-x86_64, r-oldrel-macos-arm64, r-oldrel-macos-x86_64, r-oldrel-windows-x86_64