Last updated on 2025-02-20 09:51:01 CET.
Flavor | Version | Tinstall | Tcheck | Ttotal | Status | Flags |
---|---|---|---|---|---|---|
r-devel-linux-x86_64-debian-clang | 0.1.1 | 4.28 | 36.59 | 40.87 | OK | |
r-devel-linux-x86_64-debian-gcc | 0.1.1 | 3.52 | 27.37 | 30.89 | OK | |
r-devel-linux-x86_64-fedora-clang | 0.1.1 | 68.82 | OK | |||
r-devel-linux-x86_64-fedora-gcc | 0.1.1 | 64.85 | OK | |||
r-devel-macos-arm64 | 0.1.1 | 26.00 | OK | |||
r-devel-macos-x86_64 | 0.1.1 | 46.00 | OK | |||
r-devel-windows-x86_64 | 0.1.1 | 6.00 | 55.00 | 61.00 | OK | |
r-patched-linux-x86_64 | 0.1.1 | 4.33 | 35.76 | 40.09 | NOTE | |
r-release-linux-x86_64 | 0.1.1 | 4.43 | 35.36 | 39.79 | NOTE | |
r-release-macos-arm64 | 0.1.1 | 24.00 | NOTE | |||
r-release-macos-x86_64 | 0.1.1 | 41.00 | NOTE | |||
r-release-windows-x86_64 | 0.1.1 | 6.00 | 56.00 | 62.00 | NOTE | |
r-oldrel-macos-arm64 | 0.1.1 | 24.00 | NOTE | |||
r-oldrel-macos-x86_64 | 0.1.1 | 37.00 | NOTE | |||
r-oldrel-windows-x86_64 | 0.1.1 | 7.00 | 93.00 | 100.00 | NOTE |
Version: 0.1.1
Check: LazyData
Result: NOTE
'LazyData' is specified without a 'data' directory
Flavors: r-patched-linux-x86_64, r-release-linux-x86_64, r-release-macos-arm64, r-release-macos-x86_64, r-release-windows-x86_64, r-oldrel-macos-arm64, r-oldrel-macos-x86_64, r-oldrel-windows-x86_64