Last updated on 2025-02-19 09:51:00 CET.
Flavor | Version | Tinstall | Tcheck | Ttotal | Status | Flags |
---|---|---|---|---|---|---|
r-devel-linux-x86_64-debian-clang | 0.7.16.3 | 3.96 | 48.04 | 52.00 | NOTE | |
r-devel-linux-x86_64-debian-gcc | 0.7.16.3 | 3.06 | 40.85 | 43.91 | NOTE | |
r-devel-linux-x86_64-fedora-clang | 0.7.16.3 | 85.62 | NOTE | |||
r-devel-linux-x86_64-fedora-gcc | 0.7.16.3 | 94.36 | NOTE | |||
r-devel-macos-arm64 | 0.7.16.3 | 34.00 | NOTE | |||
r-devel-macos-x86_64 | 0.7.16.3 | 135.00 | NOTE | |||
r-devel-windows-x86_64 | 0.7.16.3 | 6.00 | 92.00 | 98.00 | NOTE | |
r-patched-linux-x86_64 | 0.7.16.3 | 4.36 | 45.40 | 49.76 | NOTE | |
r-release-linux-x86_64 | 0.7.16.3 | 3.42 | 45.82 | 49.24 | NOTE | |
r-release-macos-arm64 | 0.7.16.3 | 42.00 | NOTE | |||
r-release-macos-x86_64 | 0.7.16.3 | 97.00 | NOTE | |||
r-release-windows-x86_64 | 0.7.16.3 | 5.00 | 87.00 | 92.00 | NOTE | |
r-oldrel-macos-arm64 | 0.7.16.3 | 35.00 | OK | |||
r-oldrel-macos-x86_64 | 0.7.16.3 | 54.00 | OK | |||
r-oldrel-windows-x86_64 | 0.7.16.3 | 5.00 | 85.00 | 90.00 | OK |
Version: 0.7.16.3
Check: Rd files
Result: NOTE
checkRd: (-1) do_admb.Rd:20: Lost braces in \itemize; meant \describe ?
checkRd: (-1) do_admb.Rd:21: Lost braces in \itemize; meant \describe ?
checkRd: (-1) do_admb.Rd:49: Lost braces in \itemize; meant \describe ?
checkRd: (-1) read_pars.Rd:30: Lost braces in \itemize; \value handles \item{}{} directly
checkRd: (-1) read_pars.Rd:31: Lost braces in \itemize; \value handles \item{}{} directly
checkRd: (-1) read_pars.Rd:32: Lost braces in \itemize; \value handles \item{}{} directly
checkRd: (-1) read_pars.Rd:33: Lost braces in \itemize; \value handles \item{}{} directly
checkRd: (-1) read_pars.Rd:34: Lost braces in \itemize; \value handles \item{}{} directly
checkRd: (-1) read_pars.Rd:35: Lost braces in \itemize; \value handles \item{}{} directly
checkRd: (-1) read_pars.Rd:36: Lost braces in \itemize; \value handles \item{}{} directly
checkRd: (-1) read_pars.Rd:37: Lost braces in \itemize; \value handles \item{}{} directly
checkRd: (-1) read_pars.Rd:38: Lost braces in \itemize; \value handles \item{}{} directly
checkRd: (-1) read_pars.Rd:39: Lost braces in \itemize; \value handles \item{}{} directly
Flavors: r-devel-linux-x86_64-debian-clang, r-devel-linux-x86_64-debian-gcc, r-devel-linux-x86_64-fedora-clang, r-devel-linux-x86_64-fedora-gcc, r-devel-macos-arm64, r-devel-macos-x86_64, r-devel-windows-x86_64, r-patched-linux-x86_64, r-release-linux-x86_64, r-release-macos-arm64, r-release-macos-x86_64, r-release-windows-x86_64