Last updated on 2025-02-16 09:50:50 CET.
Flavor | Version | Tinstall | Tcheck | Ttotal | Status | Flags |
---|---|---|---|---|---|---|
r-devel-linux-x86_64-debian-clang | 0.2 | 4.52 | 34.08 | 38.60 | OK | |
r-devel-linux-x86_64-debian-gcc | 0.2 | 2.84 | 24.90 | 27.74 | OK | |
r-devel-linux-x86_64-fedora-clang | 0.2 | 61.14 | OK | |||
r-devel-linux-x86_64-fedora-gcc | 0.2 | 56.78 | OK | |||
r-devel-macos-arm64 | 0.2 | 19.00 | OK | |||
r-devel-macos-x86_64 | 0.2 | 36.00 | OK | |||
r-devel-windows-x86_64 | 0.2 | 6.00 | 54.00 | 60.00 | OK | |
r-patched-linux-x86_64 | 0.2 | 4.22 | 30.20 | 34.42 | NOTE | |
r-release-linux-x86_64 | 0.2 | 3.50 | 30.30 | 33.80 | NOTE | |
r-release-macos-arm64 | 0.2 | 18.00 | NOTE | |||
r-release-macos-x86_64 | 0.2 | 28.00 | NOTE | |||
r-release-windows-x86_64 | 0.2 | 5.00 | 56.00 | 61.00 | NOTE | |
r-oldrel-macos-arm64 | 0.2 | 20.00 | NOTE | |||
r-oldrel-macos-x86_64 | 0.2 | 31.00 | NOTE | |||
r-oldrel-windows-x86_64 | 0.2 | 6.00 | 89.00 | 95.00 | NOTE |
Version: 0.2
Check: LazyData
Result: NOTE
'LazyData' is specified without a 'data' directory
Flavors: r-patched-linux-x86_64, r-release-linux-x86_64, r-release-macos-arm64, r-release-macos-x86_64, r-release-windows-x86_64, r-oldrel-macos-arm64, r-oldrel-macos-x86_64, r-oldrel-windows-x86_64