CRAN Package Check Results for Package R2DT

Last updated on 2025-04-16 09:53:08 CEST.

Flavor Version Tinstall Tcheck Ttotal Status Flags
r-devel-linux-x86_64-debian-clang 0.2 4.05 32.81 36.86 OK
r-devel-linux-x86_64-debian-gcc 0.2 2.91 24.38 27.29 OK
r-devel-linux-x86_64-fedora-clang 0.2 58.28 OK
r-devel-linux-x86_64-fedora-gcc 0.2 57.14 OK
r-devel-windows-x86_64 0.2 5.00 54.00 59.00 OK
r-patched-linux-x86_64 0.2 3.57 31.29 34.86 OK
r-release-linux-x86_64 0.2 3.90 31.05 34.95 OK
r-release-macos-arm64 0.2 21.00 OK
r-release-macos-x86_64 0.2 64.00 OK
r-release-windows-x86_64 0.2 6.00 52.00 58.00 OK
r-oldrel-macos-arm64 0.2 18.00 NOTE
r-oldrel-macos-x86_64 0.2 28.00 NOTE
r-oldrel-windows-x86_64 0.2 6.00 66.00 72.00 NOTE

Additional issues

donttest

Check Details

Version: 0.2
Check: LazyData
Result: NOTE 'LazyData' is specified without a 'data' directory Flavors: r-oldrel-macos-arm64, r-oldrel-macos-x86_64, r-oldrel-windows-x86_64