CRAN Package Check Results for Package QuantRegGLasso

Last updated on 2025-10-07 09:49:57 CEST.

Flavor Version Tinstall Tcheck Ttotal Status Flags
r-devel-linux-x86_64-debian-clang 1.0.0 26.12 61.17 87.29 WARN
r-devel-linux-x86_64-debian-gcc 1.0.1 20.11 45.99 66.10 OK
r-devel-linux-x86_64-fedora-clang 1.0.1 162.71 OK
r-devel-linux-x86_64-fedora-gcc 1.0.1 142.33 OK
r-devel-windows-x86_64 1.0.1 36.00 107.00 143.00 OK
r-patched-linux-x86_64 1.0.0 28.21 57.43 85.64 WARN
r-release-linux-x86_64 1.0.0 28.63 57.28 85.91 WARN
r-release-macos-arm64 1.0.0 36.00 OK
r-release-macos-x86_64 1.0.1 76.00 OK
r-release-windows-x86_64 1.0.0 33.00 91.00 124.00 WARN
r-oldrel-macos-arm64 1.0.0 36.00 OK
r-oldrel-macos-x86_64 1.0.1 74.00 OK
r-oldrel-windows-x86_64 1.0.0 40.00 109.00 149.00 WARN

Check Details

Version: 1.0.0
Check: whether package can be installed
Result: WARN Found the following significant warnings: awgl.cpp:451:27: warning: 'min' is deprecated: use .index_min() instead [-Wdeprecated-declarations] See ‘/home/hornik/tmp/R.check/r-devel-clang/Work/PKGS/QuantRegGLasso.Rcheck/00install.out’ for details. * used C++ compiler: ‘Debian clang version 19.1.7 (3+b2)’ Flavor: r-devel-linux-x86_64-debian-clang

Version: 1.0.0
Check: whether package can be installed
Result: WARN Found the following significant warnings: awgl.cpp:451:30: warning: ‘eT arma::subview_col<eT>::min(arma::uword&) const [with eT = double; arma::uword = unsigned int]’ is deprecated: use .index_min() instead [-Wdeprecated-declarations] See ‘/home/hornik/tmp/R.check/r-patched-gcc/Work/PKGS/QuantRegGLasso.Rcheck/00install.out’ for details. * used C++ compiler: ‘g++-14 (Debian 14.3.0-8) 14.3.0’ Flavor: r-patched-linux-x86_64

Version: 1.0.0
Check: whether package can be installed
Result: WARN Found the following significant warnings: awgl.cpp:451:30: warning: ‘eT arma::subview_col<eT>::min(arma::uword&) const [with eT = double; arma::uword = unsigned int]’ is deprecated: use .index_min() instead [-Wdeprecated-declarations] See ‘/home/hornik/tmp/R.check/r-release-gcc/Work/PKGS/QuantRegGLasso.Rcheck/00install.out’ for details. * used C++ compiler: ‘g++-14 (Debian 14.3.0-8) 14.3.0’ Flavor: r-release-linux-x86_64

Version: 1.0.0
Check: whether package can be installed
Result: WARN Found the following significant warnings: awgl.cpp:451:30: warning: 'eT arma::subview_col<eT>::min(arma::uword&) const [with eT = double; arma::uword = unsigned int]' is deprecated: use .index_min() instead [-Wdeprecated-declarations] See 'd:/Rcompile/CRANpkg/local/4.5/QuantRegGLasso.Rcheck/00install.out' for details. * used C++ compiler: 'g++.exe (GCC) 14.2.0' Flavor: r-release-windows-x86_64

Version: 1.0.0
Check: whether package can be installed
Result: WARN Found the following significant warnings: awgl.cpp:451:30: warning: 'eT arma::subview_col<eT>::min(arma::uword&) const [with eT = double; arma::uword = unsigned int]' is deprecated: use .index_min() instead [-Wdeprecated-declarations] See 'd:/Rcompile/CRANpkg/local/4.4/QuantRegGLasso.Rcheck/00install.out' for details. * used C++ compiler: 'g++.exe (GCC) 13.3.0' Flavor: r-oldrel-windows-x86_64