Last updated on 2025-02-20 09:51:00 CET.
Flavor | Version | Tinstall | Tcheck | Ttotal | Status | Flags |
---|---|---|---|---|---|---|
r-devel-linux-x86_64-debian-clang | 1.0.1 | 5.97 | 35.78 | 41.75 | OK | |
r-devel-linux-x86_64-debian-gcc | 1.0.1 | 3.73 | 25.07 | 28.80 | OK | |
r-devel-linux-x86_64-fedora-clang | 1.0.1 | 68.09 | OK | |||
r-devel-linux-x86_64-fedora-gcc | 1.0.1 | 66.31 | OK | |||
r-devel-macos-arm64 | 1.0.1 | 23.00 | OK | |||
r-devel-macos-x86_64 | 1.0.1 | 55.00 | OK | |||
r-devel-windows-x86_64 | 1.0.1 | 7.00 | 63.00 | 70.00 | OK | |
r-patched-linux-x86_64 | 1.0.1 | 5.80 | 33.91 | 39.71 | NOTE | |
r-release-linux-x86_64 | 1.0.1 | 5.19 | 33.85 | 39.04 | NOTE | |
r-release-macos-arm64 | 1.0.1 | 24.00 | NOTE | |||
r-release-macos-x86_64 | 1.0.1 | 50.00 | NOTE | |||
r-release-windows-x86_64 | 1.0.1 | 6.00 | 62.00 | 68.00 | NOTE | |
r-oldrel-macos-arm64 | 1.0.1 | 26.00 | NOTE | |||
r-oldrel-macos-x86_64 | 1.0.1 | 33.00 | NOTE | |||
r-oldrel-windows-x86_64 | 1.0.1 | 7.00 | 65.00 | 72.00 | NOTE |
Version: 1.0.1
Check: LazyData
Result: NOTE
'LazyData' is specified without a 'data' directory
Flavors: r-patched-linux-x86_64, r-release-linux-x86_64, r-release-macos-arm64, r-release-macos-x86_64, r-release-windows-x86_64, r-oldrel-macos-arm64, r-oldrel-macos-x86_64, r-oldrel-windows-x86_64