Last updated on 2025-02-16 09:50:49 CET.
Flavor | Version | Tinstall | Tcheck | Ttotal | Status | Flags |
---|---|---|---|---|---|---|
r-devel-linux-x86_64-debian-clang | 1.0.0 | 1.09 | 20.07 | 21.16 | OK | |
r-devel-linux-x86_64-debian-gcc | 1.0.0 | 1.25 | 16.50 | 17.75 | OK | |
r-devel-linux-x86_64-fedora-clang | 1.0.0 | 37.88 | OK | |||
r-devel-linux-x86_64-fedora-gcc | 1.0.0 | 47.28 | OK | |||
r-devel-macos-arm64 | 1.0.0 | 23.00 | OK | |||
r-devel-macos-x86_64 | 1.0.0 | 38.00 | OK | |||
r-devel-windows-x86_64 | 1.0.0 | 3.00 | 41.00 | 44.00 | OK | |
r-patched-linux-x86_64 | 1.0.0 | 1.74 | 19.11 | 20.85 | NOTE | |
r-release-linux-x86_64 | 1.0.0 | 1.32 | 19.43 | 20.75 | NOTE | |
r-release-macos-arm64 | 1.0.0 | 26.00 | NOTE | |||
r-release-macos-x86_64 | 1.0.0 | 32.00 | NOTE | |||
r-release-windows-x86_64 | 1.0.0 | 3.00 | 42.00 | 45.00 | NOTE | |
r-oldrel-macos-arm64 | 1.0.0 | 22.00 | NOTE | |||
r-oldrel-macos-x86_64 | 1.0.0 | 31.00 | NOTE | |||
r-oldrel-windows-x86_64 | 1.0.0 | 4.00 | 46.00 | 50.00 | NOTE |
Version: 1.0.0
Check: LazyData
Result: NOTE
'LazyData' is specified without a 'data' directory
Flavors: r-patched-linux-x86_64, r-release-linux-x86_64, r-release-macos-arm64, r-release-macos-x86_64, r-release-windows-x86_64, r-oldrel-macos-arm64, r-oldrel-macos-x86_64, r-oldrel-windows-x86_64