Last updated on 2025-02-16 09:50:49 CET.
Flavor | Version | Tinstall | Tcheck | Ttotal | Status | Flags |
---|---|---|---|---|---|---|
r-devel-linux-x86_64-debian-clang | 1.0.3 | 3.85 | 29.58 | 33.43 | NOTE | |
r-devel-linux-x86_64-debian-gcc | 1.0.3 | 2.69 | 23.42 | 26.11 | NOTE | |
r-devel-linux-x86_64-fedora-clang | 1.0.3 | 57.44 | NOTE | |||
r-devel-linux-x86_64-fedora-gcc | 1.0.3 | 63.44 | NOTE | |||
r-devel-macos-arm64 | 1.0.3 | 29.00 | OK | |||
r-devel-macos-x86_64 | 1.0.3 | 48.00 | NOTE | |||
r-devel-windows-x86_64 | 1.0.3 | 6.00 | 54.00 | 60.00 | NOTE | |
r-patched-linux-x86_64 | 1.0.3 | 3.79 | 28.20 | 31.99 | OK | |
r-release-linux-x86_64 | 1.0.3 | 3.43 | 27.97 | 31.40 | OK | |
r-release-macos-arm64 | 1.0.3 | 28.00 | OK | |||
r-release-macos-x86_64 | 1.0.3 | 59.00 | NOTE | |||
r-release-windows-x86_64 | 1.0.3 | 6.00 | 55.00 | 61.00 | OK | |
r-oldrel-macos-arm64 | 1.0.3 | 31.00 | OK | |||
r-oldrel-macos-x86_64 | 1.0.3 | 57.00 | OK | |||
r-oldrel-windows-x86_64 | 1.0.3 | 7.00 | 83.00 | 90.00 | OK |
Version: 1.0.3
Check: DESCRIPTION meta-information
Result: NOTE
Missing dependency on R >= 4.1.0 because package code uses the pipe
|> or function shorthand \(...) syntax added in R 4.1.0.
File(s) using such syntax:
‘nba_data.R’ ‘nfl_data.R’ ‘nhl_data.R’
Flavors: r-devel-linux-x86_64-debian-clang, r-devel-linux-x86_64-debian-gcc, r-devel-linux-x86_64-fedora-clang, r-devel-linux-x86_64-fedora-gcc, r-devel-macos-x86_64, r-devel-windows-x86_64
Version: 1.0.3
Check: installed package size
Result: NOTE
installed size is 5.8Mb
sub-directories of 1Mb or more:
R 3.3Mb
data 2.4Mb
Flavor: r-release-macos-x86_64