Last updated on 2025-10-07 09:49:55 CEST.
Flavor | Version | Tinstall | Tcheck | Ttotal | Status | Flags |
---|---|---|---|---|---|---|
r-devel-linux-x86_64-debian-clang | 2.0-8 | 10.15 | 40.26 | 50.41 | NOTE | |
r-devel-linux-x86_64-debian-gcc | 2.0-8 | 7.65 | 30.89 | 38.54 | NOTE | |
r-devel-linux-x86_64-fedora-clang | 2.0-8 | 82.89 | OK | |||
r-devel-linux-x86_64-fedora-gcc | 2.0-8 | 89.68 | OK | |||
r-devel-windows-x86_64 | 2.0-8 | 16.00 | 74.00 | 90.00 | OK | |
r-patched-linux-x86_64 | 2.0-8 | 10.28 | 38.46 | 48.74 | OK | |
r-release-linux-x86_64 | 2.0-8 | 10.03 | 38.43 | 48.46 | OK | |
r-release-macos-arm64 | 2.0-8 | 34.00 | OK | |||
r-release-macos-x86_64 | 2.0-8 | 57.00 | OK | |||
r-release-windows-x86_64 | 2.0-8 | 15.00 | 73.00 | 88.00 | OK | |
r-oldrel-macos-arm64 | 2.0-8 | 55.00 | OK | |||
r-oldrel-macos-x86_64 | 2.0-8 | 55.00 | OK | |||
r-oldrel-windows-x86_64 | 2.0-8 | 18.00 | 83.00 | 101.00 | OK |
Version: 2.0-8
Check: CRAN incoming feasibility
Result: NOTE
Maintainer: ‘Bill Venables <Bill.Venables@gmail.com>’
No Authors@R field in DESCRIPTION.
Please add one, modifying
Authors@R: c(person(given = "Bill",
family = "Venables",
role = c("aut", "cre"),
email = "bill.venables@gmail.com"),
person(given = c("with", "contribution", "by", "Kurt"),
family = "Hornik",
role = "aut"),
person(given = "Georgi",
family = "Boshnakov",
role = "aut"),
person(given = "Brian",
family = "Ripley.",
role = "aut"))
as necessary.
Flavors: r-devel-linux-x86_64-debian-clang, r-devel-linux-x86_64-debian-gcc