Last updated on 2025-04-28 09:50:01 CEST.
Flavor | Version | Tinstall | Tcheck | Ttotal | Status | Flags |
---|---|---|---|---|---|---|
r-devel-linux-x86_64-debian-clang | 1.0 | 2.06 | 23.07 | 25.13 | OK | |
r-devel-linux-x86_64-debian-gcc | 1.0 | 1.69 | 18.24 | 19.93 | NOTE | |
r-devel-linux-x86_64-fedora-clang | 1.0 | 40.69 | OK | |||
r-devel-linux-x86_64-fedora-gcc | 1.0 | 38.70 | OK | |||
r-devel-windows-x86_64 | 1.0 | 4.00 | 42.00 | 46.00 | OK | |
r-patched-linux-x86_64 | 1.0 | 2.79 | 22.43 | 25.22 | OK | |
r-release-linux-x86_64 | 1.0 | 2.14 | 22.30 | 24.44 | OK | |
r-release-macos-arm64 | 1.0 | 17.00 | OK | |||
r-release-macos-x86_64 | 1.0 | 25.00 | OK | |||
r-release-windows-x86_64 | 1.0 | 5.00 | 41.00 | 46.00 | OK | |
r-oldrel-macos-arm64 | 1.0 | 16.00 | OK | |||
r-oldrel-macos-x86_64 | 1.0 | 24.00 | OK | |||
r-oldrel-windows-x86_64 | 1.0 | 4.00 | 41.00 | 45.00 | OK |
Version: 1.0
Check: CRAN incoming feasibility
Result: NOTE
Maintainer: ‘Roozbeh Safshekan <rse@mit.edu>’
No Authors@R field in DESCRIPTION.
Please add one, modifying
Authors@R: c(person(given = "Roozbeh",
family = "Safshekan",
role = c("aut", "cre"),
email = "rse@mit.edu"),
person(given = "Rich",
family = "Nielsen",
role = "aut"))
as necessary.
Flavor: r-devel-linux-x86_64-debian-gcc